CRAN Package Check Results for Package REPLesentR

Last updated on 2023-02-04 11:51:46 CET.

Flavor Version Tinstall Tcheck Ttotal Status Flags
r-devel-linux-x86_64-debian-clang 0.4.1 3.78 42.03 45.81 NOTE
r-devel-linux-x86_64-debian-gcc 0.4.1 3.02 31.36 34.38 NOTE
r-devel-linux-x86_64-fedora-clang 0.4.1 56.59 NOTE
r-devel-linux-x86_64-fedora-gcc 0.4.1 55.57 NOTE
r-devel-windows-x86_64 0.4.1 17.00 68.00 85.00 NOTE
r-patched-linux-x86_64 0.4.1 4.13 39.95 44.08 NOTE
r-release-linux-x86_64 0.4.1 3.93 40.95 44.88 NOTE
r-release-macos-arm64 0.4.1 21.00 NOTE
r-release-macos-x86_64 0.4.1 30.00 NOTE
r-release-windows-x86_64 0.4.1 14.00 70.00 84.00 NOTE
r-oldrel-macos-arm64 0.4.1 25.00 NOTE
r-oldrel-macos-x86_64 0.4.1 35.00 NOTE
r-oldrel-windows-ix86+x86_64 0.4.1 10.00 66.00 76.00 NOTE

Check Details

Version: 0.4.1
Check: LazyData
Result: NOTE
     'LazyData' is specified without a 'data' directory
Flavors: r-devel-linux-x86_64-debian-clang, r-devel-linux-x86_64-debian-gcc, r-devel-linux-x86_64-fedora-clang, r-devel-linux-x86_64-fedora-gcc, r-devel-windows-x86_64, r-patched-linux-x86_64, r-release-linux-x86_64, r-release-macos-arm64, r-release-macos-x86_64, r-release-windows-x86_64, r-oldrel-macos-arm64, r-oldrel-macos-x86_64, r-oldrel-windows-ix86+x86_64