CRAN Package Check Results for Package REdaS

Last updated on 2022-01-26 23:50:30 CET.

Flavor Version Tinstall Tcheck Ttotal Status Flags
r-devel-linux-x86_64-debian-clang 0.9.3 3.43 34.74 38.17 OK
r-devel-linux-x86_64-debian-gcc 0.9.3 2.04 27.42 29.46 OK
r-devel-linux-x86_64-fedora-clang 0.9.3 47.12 OK
r-devel-linux-x86_64-fedora-gcc 0.9.3 35.31 OK
r-devel-windows-x86_64-new-UL 0.9.3 16.00 53.00 69.00 OK
r-devel-windows-x86_64-new-TK 0.9.3 NOTE
r-patched-linux-x86_64 0.9.3 3.54 33.17 36.71 OK
r-release-linux-x86_64 0.9.3 2.74 33.41 36.15 OK
r-release-macos-arm64 0.9.3 OK
r-release-macos-x86_64 0.9.3 OK
r-release-windows-ix86+x86_64 0.9.3 6.00 43.00 49.00 OK
r-oldrel-macos-x86_64 0.9.3 OK
r-oldrel-windows-ix86+x86_64 0.9.3 6.00 42.00 48.00 OK

Check Details

Version: 0.9.3
Check: package dependencies
Result: NOTE
    Package suggested but not available for checking: 'car'
Flavor: r-devel-windows-x86_64-new-TK