Last updated on 2025-04-30 05:49:52 CEST.
Flavor | Version | Tinstall | Tcheck | Ttotal | Status | Flags |
---|---|---|---|---|---|---|
r-devel-linux-x86_64-debian-clang | 1.3.3 | 44.26 | 296.00 | 340.26 | NOTE | |
r-devel-linux-x86_64-debian-gcc | 1.3.3 | 29.40 | 180.29 | 209.69 | NOTE | |
r-devel-linux-x86_64-fedora-clang | 1.3.3 | 542.30 | OK | |||
r-devel-linux-x86_64-fedora-gcc | 1.3.3 | 549.80 | OK | |||
r-devel-windows-x86_64 | 1.3.3 | 51.00 | 340.00 | 391.00 | NOTE | |
r-patched-linux-x86_64 | 1.3.3 | 43.62 | 288.23 | 331.85 | NOTE | |
r-release-linux-x86_64 | 1.3.3 | 41.00 | 287.69 | 328.69 | NOTE | |
r-release-macos-arm64 | 1.3.3 | 132.00 | OK | |||
r-release-macos-x86_64 | 1.3.3 | 297.00 | OK | |||
r-release-windows-x86_64 | 1.3.3 | 52.00 | 346.00 | 398.00 | NOTE | |
r-oldrel-macos-arm64 | 1.3.3 | 136.00 | OK | |||
r-oldrel-macos-x86_64 | 1.3.3 | 227.00 | OK | |||
r-oldrel-windows-x86_64 | 1.3.3 | 62.00 | 479.00 | 541.00 | OK |
Version: 1.3.3
Check: Rd cross-references
Result: NOTE
Found the following Rd file(s) with Rd \link{} targets missing package
anchors:
fLoadAmeriflux22.Rd: read_csv
fLoadFluxnet15.Rd: cols, read_csv
Please provide package anchors for all Rd \link{} targets not in the
package itself and the base packages.
Flavors: r-devel-linux-x86_64-debian-clang, r-devel-linux-x86_64-debian-gcc, r-devel-windows-x86_64, r-patched-linux-x86_64, r-release-linux-x86_64, r-release-windows-x86_64
Version: 1.3.3
Check: examples
Result: NOTE
Examples with CPU (user + system) or elapsed time > 5s
user system elapsed
fLoadFluxnet15 1.235 0.109 5.138
Flavor: r-devel-linux-x86_64-debian-clang
Version: 1.3.3
Check: examples
Result: NOTE
Examples with CPU (user + system) or elapsed time > 5s
user system elapsed
fLoadFluxnet15 1.503 0.328 8.314
Flavor: r-devel-linux-x86_64-debian-gcc