Last updated on 2023-10-01 17:56:34 CEST.
Flavor | Version | Tinstall | Tcheck | Ttotal | Status | Flags |
---|---|---|---|---|---|---|
r-devel-linux-x86_64-debian-clang | 0.1.2 | 6.17 | 45.91 | 52.08 | NOTE | |
r-devel-linux-x86_64-debian-gcc | 0.1.2 | 6.10 | 35.58 | 41.68 | NOTE | |
r-devel-linux-x86_64-fedora-clang | 0.1.2 | 66.18 | NOTE | |||
r-devel-linux-x86_64-fedora-gcc | 0.1.2 | 67.15 | NOTE | |||
r-devel-windows-x86_64 | 0.1.2 | 7.00 | 54.00 | 61.00 | NOTE | |
r-patched-linux-x86_64 | 0.1.2 | 5.54 | 44.59 | 50.13 | NOTE | |
r-release-linux-x86_64 | 0.1.2 | 6.55 | 44.76 | 51.31 | NOTE | |
r-release-macos-arm64 | 0.1.2 | 23.00 | NOTE | |||
r-release-macos-x86_64 | 0.1.2 | 32.00 | NOTE | |||
r-release-windows-x86_64 | 0.1.2 | 9.00 | 59.00 | 68.00 | NOTE | |
r-oldrel-macos-arm64 | 0.1.2 | 21.00 | NOTE | |||
r-oldrel-macos-x86_64 | 0.1.2 | 33.00 | NOTE | |||
r-oldrel-windows-x86_64 | 0.1.2 | 9.00 | 61.00 | 70.00 | NOTE |
Version: 0.1.2
Check: LazyData
Result: NOTE
'LazyData' is specified without a 'data' directory
Flavors: r-devel-linux-x86_64-debian-clang, r-devel-linux-x86_64-debian-gcc, r-devel-linux-x86_64-fedora-clang, r-devel-linux-x86_64-fedora-gcc, r-devel-windows-x86_64, r-patched-linux-x86_64, r-release-linux-x86_64, r-release-macos-arm64, r-release-macos-x86_64, r-release-windows-x86_64, r-oldrel-macos-arm64, r-oldrel-macos-x86_64, r-oldrel-windows-x86_64