CRAN Package Check Results for Package RH2

Last updated on 2023-10-03 01:05:02 CEST.

Flavor Version Tinstall Tcheck Ttotal Status Flags
r-devel-linux-x86_64-debian-clang 0.2.4 5.30 48.98 54.28 OK
r-devel-linux-x86_64-debian-gcc 0.2.4 5.54 36.65 42.19 OK
r-devel-linux-x86_64-fedora-clang 0.2.4 67.91 NOTE
r-devel-linux-x86_64-fedora-gcc 0.2.4 64.88 OK
r-devel-windows-x86_64 0.2.4 5.00 56.00 61.00 OK
r-patched-linux-x86_64 0.2.4 8.15 46.14 54.29 OK
r-release-linux-x86_64 0.2.4 6.46 46.97 53.43 OK
r-release-macos-arm64 0.2.4 21.00 OK
r-release-macos-x86_64 0.2.4 38.00 OK
r-release-windows-x86_64 0.2.4 7.00 60.00 67.00 OK
r-oldrel-macos-arm64 0.2.4 20.00 OK
r-oldrel-macos-x86_64 0.2.4 33.00 OK
r-oldrel-windows-x86_64 0.2.4 10.00 64.00 74.00 OK

Check Details

Version: 0.2.4
Check: Rd cross-references
Result: NOTE
    Undeclared package ‘DBI’ in Rd xrefs
Flavor: r-devel-linux-x86_64-fedora-clang