Last updated on 2024-04-19 00:12:07 CEST.
Flavor | Version | Tinstall | Tcheck | Ttotal | Status | Flags |
---|---|---|---|---|---|---|
r-devel-linux-x86_64-debian-clang | 4.2.7 | 18.77 | 149.43 | 168.20 | OK | |
r-devel-linux-x86_64-debian-gcc | 4.2.7 | 13.52 | 109.53 | 123.05 | OK | |
r-devel-linux-x86_64-fedora-clang | 4.2.7 | 209.60 | NOTE | |||
r-devel-linux-x86_64-fedora-gcc | 4.2.7 | 207.95 | OK | |||
r-prerel-macos-arm64 | 4.2.7 | 59.00 | OK | |||
r-prerel-windows-x86_64 | 4.2.7 | 19.00 | 126.00 | 145.00 | OK | |
r-patched-linux-x86_64 | 4.2.7 | 22.91 | 139.73 | 162.64 | OK | |
r-release-linux-x86_64 | 4.2.7 | 11.94 | 143.00 | 154.94 | OK | |
r-release-macos-arm64 | 4.2.7 | 67.00 | OK | |||
r-release-macos-x86_64 | 4.2.7 | 99.00 | OK | |||
r-release-windows-x86_64 | 4.2.7 | 25.00 | 156.00 | 181.00 | OK | |
r-oldrel-macos-arm64 | 4.2.7 | 65.00 | OK | |||
r-oldrel-windows-x86_64 | 4.2.7 | 24.00 | 153.00 | 177.00 | OK |
Version: 4.2.7
Check: Rd cross-references
Result: NOTE
Undeclared packages ‘tseries’, ‘TSA’ in Rd xrefs
Flavor: r-devel-linux-x86_64-fedora-clang