Last updated on 2024-08-16 11:49:50 CEST.
Flavor | Version | Tinstall | Tcheck | Ttotal | Status | Flags |
---|---|---|---|---|---|---|
r-devel-linux-x86_64-debian-clang | 3.2.4 | 70.27 | 47.71 | 117.98 | NOTE | |
r-devel-linux-x86_64-debian-gcc | 3.2.4 | 51.66 | 35.51 | 87.17 | NOTE | |
r-devel-linux-x86_64-fedora-clang | 3.2.4 | 235.04 | NOTE | |||
r-devel-linux-x86_64-fedora-gcc | 3.2.4 | 251.39 | NOTE | |||
r-devel-windows-x86_64 | 3.2.4 | 83.00 | 90.00 | 173.00 | NOTE | |
r-patched-linux-x86_64 | 3.2.4 | 69.63 | 45.96 | 115.59 | NOTE | |
r-release-linux-x86_64 | 3.2.4 | 71.34 | 46.29 | 117.63 | NOTE | |
r-release-macos-arm64 | 3.2.4 | 66.00 | NOTE | |||
r-release-macos-x86_64 | 3.2.4 | 85.00 | NOTE | |||
r-release-windows-x86_64 | 3.2.4 | 86.00 | 93.00 | 179.00 | NOTE | |
r-oldrel-macos-arm64 | 3.2.4 | 74.00 | NOTE | |||
r-oldrel-macos-x86_64 | 3.2.4 | 110.00 | NOTE | |||
r-oldrel-windows-x86_64 | 3.2.4 | 98.00 | 104.00 | 202.00 | NOTE |
Version: 3.2.4
Check: C++ specification
Result: NOTE
Specified C++11: please drop specification unless essential
Flavors: r-devel-linux-x86_64-debian-clang, r-devel-linux-x86_64-debian-gcc, r-devel-linux-x86_64-fedora-clang, r-devel-linux-x86_64-fedora-gcc, r-devel-windows-x86_64, r-patched-linux-x86_64, r-release-linux-x86_64, r-release-macos-arm64, r-release-macos-x86_64, r-release-windows-x86_64, r-oldrel-macos-arm64, r-oldrel-macos-x86_64, r-oldrel-windows-x86_64