Last updated on 2023-03-31 05:54:34 CEST.
Flavor | Version | Tinstall | Tcheck | Ttotal | Status | Flags |
---|---|---|---|---|---|---|
r-devel-linux-x86_64-debian-clang | 0.7.5 | 15.33 | 112.53 | 127.86 | OK | |
r-devel-linux-x86_64-debian-gcc | 0.7.5 | 12.71 | 85.12 | 97.83 | OK | |
r-devel-linux-x86_64-fedora-clang | 0.7.5 | 156.54 | OK | |||
r-devel-linux-x86_64-fedora-gcc | 0.7.5 | 151.77 | OK | |||
r-devel-windows-x86_64 | 0.7.5 | 188.00 | 0.00 | 188.00 | OK | |
r-patched-linux-x86_64 | 0.7.5 | 21.94 | 106.20 | 128.14 | OK | |
r-release-linux-x86_64 | 0.7.5 | 9.89 | 108.78 | 118.67 | OK | |
r-release-macos-arm64 | 0.7.5 | 52.00 | OK | |||
r-release-macos-x86_64 | 0.7.5 | 71.00 | OK | |||
r-release-windows-x86_64 | 0.7.5 | 48.00 | 153.00 | 201.00 | OK | |
r-oldrel-macos-arm64 | 0.7.5 | 52.00 | OK | |||
r-oldrel-macos-x86_64 | 0.7.5 | 71.00 | OK | |||
r-oldrel-windows-ix86+x86_64 | 0.7.5 | 35.00 | 137.00 | 172.00 | NOTE |
Version: 0.7.5
Check: R code for possible problems
Result: NOTE
Initiating curl with CURL_SSL_BACKEND: openssl
Flavor: r-oldrel-windows-ix86+x86_64