CRAN Package Check Results for Package RLumModel

Last updated on 2024-03-04 00:55:53 CET.

Flavor Version Tinstall Tcheck Ttotal Status Flags
r-devel-linux-x86_64-debian-clang 0.2.10 47.30 62.01 109.31 NOTE
r-devel-linux-x86_64-debian-gcc 0.2.10 38.28 45.82 84.10 NOTE
r-devel-linux-x86_64-fedora-clang 0.2.10 157.03 NOTE
r-devel-linux-x86_64-fedora-gcc 0.2.10 157.51 NOTE
r-devel-windows-x86_64 0.2.10 39.00 86.00 125.00 NOTE
r-patched-linux-x86_64 0.2.10 48.02 59.66 107.68 NOTE
r-release-linux-x86_64 0.2.10 34.71 58.80 93.51 NOTE
r-release-macos-arm64 0.2.10 47.00 NOTE
r-release-macos-x86_64 0.2.10 76.00 NOTE
r-release-windows-x86_64 0.2.10 49.00 96.00 145.00 NOTE
r-oldrel-macos-arm64 0.2.10 39.00 OK
r-oldrel-windows-x86_64 0.2.10 49.00 105.00 154.00 OK

Check Details

Version: 0.2.10
Check: C++ specification
Result: NOTE Specified C++11: please drop specification unless essential Flavors: r-devel-linux-x86_64-debian-clang, r-devel-linux-x86_64-debian-gcc, r-devel-linux-x86_64-fedora-clang, r-devel-linux-x86_64-fedora-gcc, r-devel-windows-x86_64, r-patched-linux-x86_64, r-release-linux-x86_64, r-release-macos-arm64, r-release-macos-x86_64, r-release-windows-x86_64