Last updated on 2024-04-23 11:55:56 CEST.
Flavor | Version | Tinstall | Tcheck | Ttotal | Status | Flags |
---|---|---|---|---|---|---|
r-devel-linux-x86_64-debian-clang | 0.2.0 | 4.03 | 42.58 | 46.61 | OK | |
r-devel-linux-x86_64-debian-gcc | 0.2.0 | 3.37 | 31.84 | 35.21 | OK | |
r-devel-linux-x86_64-fedora-clang | 0.2.0 | 57.99 | NOTE | |||
r-devel-linux-x86_64-fedora-gcc | 0.2.0 | 55.44 | NOTE | |||
r-prerel-macos-arm64 | 0.2.0 | 20.00 | OK | |||
r-prerel-windows-x86_64 | 0.2.0 | 5.00 | 52.00 | 57.00 | OK | |
r-patched-linux-x86_64 | 0.2.0 | 5.45 | 40.69 | 46.14 | OK | |
r-release-linux-x86_64 | 0.2.0 | 5.58 | 40.95 | 46.53 | OK | |
r-release-macos-arm64 | 0.2.0 | 23.00 | OK | |||
r-release-macos-x86_64 | 0.2.0 | 31.00 | OK | |||
r-release-windows-x86_64 | 0.2.0 | 7.00 | 56.00 | 63.00 | OK | |
r-oldrel-macos-arm64 | 0.2.0 | 20.00 | NOTE | |||
r-oldrel-windows-x86_64 | 0.2.0 | 7.00 | 59.00 | 66.00 | OK |
Version: 0.2.0
Check: dependencies in R code
Result: NOTE
Namespace in Imports field not imported from: ‘magrittr’
All declared Imports should be used.
Flavors: r-devel-linux-x86_64-fedora-clang, r-devel-linux-x86_64-fedora-gcc, r-oldrel-macos-arm64