CRAN Package Check Results for Package RMKL

Last updated on 2021-01-16 05:47:17 CET.

Flavor Version Tinstall Tcheck Ttotal Status Flags
r-devel-linux-x86_64-debian-clang 1.0 54.01 52.17 106.18 OK
r-devel-linux-x86_64-debian-gcc 1.0 37.12 40.79 77.91 OK
r-devel-linux-x86_64-fedora-clang 1.0 147.99 NOTE
r-devel-linux-x86_64-fedora-gcc 1.0 130.57 NOTE
r-devel-windows-ix86+x86_64 1.0 86.00 94.00 180.00 OK
r-patched-linux-x86_64 1.0 45.27 50.62 95.89 OK
r-patched-solaris-x86 1.0 149.40 NOTE
r-release-linux-x86_64 1.0 43.86 49.50 93.36 OK
r-release-macos-x86_64 1.0 NOTE
r-release-windows-ix86+x86_64 1.0 97.00 101.00 198.00 OK
r-oldrel-macos-x86_64 1.0 NOTE
r-oldrel-windows-ix86+x86_64 1.0 99.00 89.00 188.00 OK

Additional issues

valgrind

Check Details

Version: 1.0
Check: dependencies in R code
Result: NOTE
    Namespace in Imports field not imported from: ‘e1071’
     All declared Imports should be used.
Flavors: r-devel-linux-x86_64-fedora-clang, r-devel-linux-x86_64-fedora-gcc, r-patched-solaris-x86, r-release-macos-x86_64, r-oldrel-macos-x86_64

Version: 1.0
Check: installed package size
Result: NOTE
     installed size is 5.0Mb
     sub-directories of 1Mb or more:
     libs 4.9Mb
Flavor: r-release-macos-x86_64