Last updated on 2023-06-01 23:56:27 CEST.
Flavor | Version | Tinstall | Tcheck | Ttotal | Status | Flags |
---|---|---|---|---|---|---|
r-devel-linux-x86_64-debian-clang | 0.0.1 | 4.96 | 58.04 | 63.00 | OK | |
r-devel-linux-x86_64-debian-gcc | 0.0.1 | 3.48 | 44.06 | 47.54 | OK | |
r-devel-linux-x86_64-fedora-clang | 0.0.1 | 76.64 | NOTE | |||
r-devel-linux-x86_64-fedora-gcc | 0.0.1 | 90.60 | NOTE | |||
r-devel-windows-x86_64 | 0.0.1 | 6.00 | 60.00 | 66.00 | OK | |
r-patched-linux-x86_64 | 0.0.1 | OK | ||||
r-release-linux-x86_64 | 0.0.1 | 3.09 | 55.30 | 58.39 | OK | |
r-release-macos-arm64 | 0.0.1 | 33.00 | OK | |||
r-release-macos-x86_64 | 0.0.1 | 56.00 | OK | |||
r-release-windows-x86_64 | 0.0.1 | 7.00 | 69.00 | 76.00 | OK | |
r-oldrel-macos-arm64 | 0.0.1 | 36.00 | NOTE | |||
r-oldrel-macos-x86_64 | 0.0.1 | 38.00 | NOTE | |||
r-oldrel-windows-x86_64 | 0.0.1 | 7.00 | 73.00 | 80.00 | OK |
Version: 0.0.1
Check: dependencies in R code
Result: NOTE
Namespace in Imports field not imported from: ‘quadprog’
All declared Imports should be used.
Flavors: r-devel-linux-x86_64-fedora-clang, r-devel-linux-x86_64-fedora-gcc, r-oldrel-macos-arm64, r-oldrel-macos-x86_64