CRAN Package Check Results for Package RMTL

Last updated on 2020-12-02 05:48:16 CET.

Flavor Version Tinstall Tcheck Ttotal Status Flags
r-devel-linux-x86_64-debian-clang 0.9 6.51 51.13 57.64 NOTE
r-devel-linux-x86_64-debian-gcc 0.9 3.38 36.84 40.22 NOTE
r-devel-linux-x86_64-fedora-clang 0.9 69.82 OK
r-devel-linux-x86_64-fedora-gcc 0.9 64.34 OK
r-devel-windows-ix86+x86_64 0.9 8.00 65.00 73.00 NOTE
r-patched-linux-x86_64 0.9 4.42 47.17 51.59 NOTE
r-patched-solaris-x86 0.9 80.90 OK
r-release-linux-x86_64 0.9 5.28 46.54 51.82 NOTE
r-release-macos-x86_64 0.9 OK
r-release-windows-ix86+x86_64 0.9 8.00 47.00 55.00 NOTE
r-oldrel-macos-x86_64 0.9 OK
r-oldrel-windows-ix86+x86_64 0.9 6.00 61.00 67.00 OK

Check Details

Version: 0.9
Check: package vignettes
Result: NOTE
    Package vignette with placeholder title 'Vignette Title':
     'rmtl.Rmd'
Flavors: r-devel-linux-x86_64-debian-clang, r-devel-linux-x86_64-debian-gcc, r-devel-windows-ix86+x86_64, r-patched-linux-x86_64, r-release-linux-x86_64, r-release-windows-ix86+x86_64