CRAN Package Check Results for Package RMTstat

Last updated on 2020-12-02 05:48:16 CET.

Flavor Version Tinstall Tcheck Ttotal Status Flags
r-devel-linux-x86_64-debian-clang 0.3 2.63 24.74 27.37 NOTE
r-devel-linux-x86_64-debian-gcc 0.3 1.90 18.74 20.64 NOTE
r-devel-linux-x86_64-fedora-clang 0.3 37.65 NOTE
r-devel-linux-x86_64-fedora-gcc 0.3 29.58 NOTE
r-devel-windows-ix86+x86_64 0.3 4.00 33.00 37.00 NOTE
r-patched-linux-x86_64 0.3 2.43 24.15 26.58 NOTE
r-patched-solaris-x86 0.3 44.00 NOTE
r-release-linux-x86_64 0.3 2.22 22.92 25.14 NOTE
r-release-macos-x86_64 0.3 NOTE
r-release-windows-ix86+x86_64 0.3 4.00 33.00 37.00 NOTE
r-oldrel-macos-x86_64 0.3 NOTE
r-oldrel-windows-ix86+x86_64 0.3 4.00 39.00 43.00 NOTE

Check Details

Version: 0.3
Check: R code for possible problems
Result: NOTE
    dWishartSpike: no visible global function definition for 'dnorm'
    pWishartSpike: no visible global function definition for 'pnorm'
    qWishartSpike: no visible global function definition for 'qnorm'
    rWishartSpike: no visible global function definition for 'qnorm'
    rmp: no visible global function definition for 'runif'
    rtw: no visible global function definition for 'runif'
    Undefined global functions or variables:
     dnorm pnorm qnorm runif
    Consider adding
     importFrom("stats", "dnorm", "pnorm", "qnorm", "runif")
    to your NAMESPACE file.
Flavors: r-devel-linux-x86_64-debian-clang, r-devel-linux-x86_64-debian-gcc, r-devel-linux-x86_64-fedora-clang, r-devel-linux-x86_64-fedora-gcc, r-devel-windows-ix86+x86_64, r-patched-linux-x86_64, r-patched-solaris-x86, r-release-linux-x86_64, r-release-macos-x86_64, r-release-windows-ix86+x86_64, r-oldrel-macos-x86_64, r-oldrel-windows-ix86+x86_64