CRAN Package Check Results for Package RMixtComp

Last updated on 2021-05-13 11:49:51 CEST.

Flavor Version Tinstall Tcheck Ttotal Status Flags
r-devel-linux-x86_64-debian-clang 4.1.3 7.89 200.99 208.88 NOTE
r-devel-linux-x86_64-debian-gcc 4.1.3 5.61 143.10 148.71 NOTE
r-devel-linux-x86_64-fedora-clang 4.1.3 246.87 NOTE
r-devel-linux-x86_64-fedora-gcc 4.1.3 241.76 NOTE
r-devel-windows-ix86+x86_64 4.1.3 19.00 292.00 311.00 OK
r-devel-windows-x86_64-gcc10-UCRT 4.1.3 NOTE
r-patched-linux-x86_64 4.1.3 12.94 200.58 213.52 NOTE
r-patched-solaris-x86 4.1.3 435.60 NOTE
r-release-linux-x86_64 4.1.3 7.30 185.53 192.83 NOTE
r-release-macos-x86_64 4.1.3 OK
r-release-windows-ix86+x86_64 4.1.3 13.00 267.00 280.00 OK
r-oldrel-macos-x86_64 4.1.3 OK
r-oldrel-windows-ix86+x86_64 4.1.3 15.00 272.00 287.00 OK

Check Details

Version: 4.1.3
Check: package dependencies
Result: NOTE
    Package suggested but not available for checking: 'blockcluster'
Flavors: r-devel-linux-x86_64-debian-clang, r-devel-linux-x86_64-debian-gcc, r-devel-linux-x86_64-fedora-clang, r-devel-linux-x86_64-fedora-gcc, r-devel-windows-x86_64-gcc10-UCRT, r-patched-linux-x86_64, r-patched-solaris-x86, r-release-linux-x86_64