CRAN Package Check Results for Package RNOmni

Last updated on 2021-07-27 11:51:17 CEST.

Flavor Version Tinstall Tcheck Ttotal Status Flags
r-devel-linux-x86_64-debian-clang 1.0.0 44.81 34.04 78.85 NOTE
r-devel-linux-x86_64-debian-gcc 1.0.0 32.15 26.79 58.94 NOTE
r-devel-linux-x86_64-fedora-clang 1.0.0 123.85 NOTE
r-devel-linux-x86_64-fedora-gcc 1.0.0 106.41 NOTE
r-devel-windows-x86_64 1.0.0 62.00 69.00 131.00 NOTE
r-devel-windows-x86_64-gcc10-UCRT 1.0.0 NOTE
r-patched-linux-x86_64 1.0.0 37.16 32.99 70.15 NOTE
r-patched-solaris-x86 1.0.0 114.30 NOTE
r-release-linux-x86_64 1.0.0 39.70 32.64 72.34 NOTE
r-release-macos-arm64 1.0.0 NOTE
r-release-macos-x86_64 1.0.0 NOTE
r-release-windows-ix86+x86_64 1.0.0 122.00 80.00 202.00 NOTE
r-oldrel-macos-x86_64 1.0.0 OK
r-oldrel-windows-ix86+x86_64 1.0.0 96.00 81.00 177.00 OK

Check Details

Version: 1.0.0
Check: LazyData
Result: NOTE
     'LazyData' is specified without a 'data' directory
Flavors: r-devel-linux-x86_64-debian-clang, r-devel-linux-x86_64-debian-gcc, r-devel-linux-x86_64-fedora-clang, r-devel-linux-x86_64-fedora-gcc, r-devel-windows-x86_64, r-devel-windows-x86_64-gcc10-UCRT, r-patched-linux-x86_64, r-patched-solaris-x86, r-release-linux-x86_64, r-release-macos-arm64, r-release-macos-x86_64, r-release-windows-ix86+x86_64