CRAN Package Check Results for Package RNetCDF

Last updated on 2021-09-17 05:52:44 CEST.

Flavor Version Tinstall Tcheck Ttotal Status Flags
r-devel-linux-x86_64-debian-clang 2.5-2 19.16 41.64 60.80 OK
r-devel-linux-x86_64-debian-gcc 2.5-2 10.71 32.01 42.72 OK
r-devel-linux-x86_64-fedora-clang 2.5-2 80.34 OK
r-devel-linux-x86_64-fedora-gcc 2.5-2 67.55 OK
r-devel-windows-x86_64 2.5-2 21.00 85.00 106.00 NOTE
r-devel-windows-x86_64-gcc10-UCRT 2.5-2 WARN
r-patched-linux-x86_64 2.5-2 12.99 40.16 53.15 OK
r-patched-solaris-x86 2.5-2 89.80 OK
r-release-linux-x86_64 2.5-2 11.98 40.16 52.14 OK
r-release-macos-arm64 2.5-2 NOTE
r-release-macos-x86_64 2.5-2 NOTE
r-release-windows-ix86+x86_64 2.5-2 41.00 148.00 189.00 NOTE
r-oldrel-macos-x86_64 2.5-2 NOTE
r-oldrel-windows-ix86+x86_64 2.5-2 36.00 147.00 183.00 NOTE

Check Details

Version: 2.5-2
Check: installed package size
Result: NOTE
     installed size is 8.7Mb
     sub-directories of 1Mb or more:
     libs 8.4Mb
Flavors: r-devel-windows-x86_64, r-release-macos-arm64, r-release-macos-x86_64, r-release-windows-ix86+x86_64, r-oldrel-macos-x86_64, r-oldrel-windows-ix86+x86_64

Version: 2.5-2
Check: whether package can be installed
Result: WARN
    Found the following significant warnings:
     WARNING: failed to apply patch patches/CRAN/RNetCDF.diff
Flavor: r-devel-windows-x86_64-gcc10-UCRT

Version: 2.5-2
Check: package dependencies
Result: NOTE
    Package which this enhances but not available for checking: ‘pbdMPI’
Flavors: r-release-macos-arm64, r-release-macos-x86_64, r-oldrel-macos-x86_64

Version: 2.5-2
Check: Rd cross-references
Result: NOTE
    Package unavailable to check Rd xrefs: ‘pbdMPI’
Flavors: r-release-macos-arm64, r-release-macos-x86_64, r-oldrel-macos-x86_64