CRAN Package Check Results for Package RNetCDF

Last updated on 2020-10-28 11:49:57 CET.

Flavor Version Tinstall Tcheck Ttotal Status Flags
r-devel-linux-x86_64-debian-clang 2.4-2 16.29 37.68 53.97 OK
r-devel-linux-x86_64-debian-gcc 2.4-2 9.36 30.81 40.17 OK
r-devel-linux-x86_64-fedora-clang 2.4-2 76.81 NOTE
r-devel-linux-x86_64-fedora-gcc 2.4-2 73.34 OK
r-devel-windows-ix86+x86_64 2.4-2 30.00 101.00 131.00 NOTE
r-patched-linux-x86_64 2.4-2 OK
r-patched-solaris-x86 2.4-2 87.80 OK
r-release-linux-x86_64 2.4-2 11.06 38.24 49.30 OK
r-release-macos-x86_64 2.4-2 NOTE
r-release-windows-ix86+x86_64 2.4-2 23.00 91.00 114.00 NOTE
r-oldrel-macos-x86_64 2.4-2 NOTE
r-oldrel-windows-ix86+x86_64 2.4-2 48.00 116.00 164.00 NOTE

Check Details

Version: 2.4-2
Check: Rd cross-references
Result: NOTE
    Undeclared package ‘pbdMPI’ in Rd xrefs
Flavor: r-devel-linux-x86_64-fedora-clang

Version: 2.4-2
Check: installed package size
Result: NOTE
     installed size is 9.3Mb
     sub-directories of 1Mb or more:
     libs 9.0Mb
Flavors: r-devel-windows-ix86+x86_64, r-release-macos-x86_64, r-release-windows-ix86+x86_64, r-oldrel-macos-x86_64, r-oldrel-windows-ix86+x86_64

Version: 2.4-2
Check: Rd cross-references
Result: NOTE
    Package unavailable to check Rd xrefs: ‘pbdMPI’
Flavors: r-release-macos-x86_64, r-oldrel-macos-x86_64