CRAN Package Check Results for Package RNiftyReg

Last updated on 2023-12-03 23:56:57 CET.

Flavor Version Tinstall Tcheck Ttotal Status Flags
r-devel-linux-x86_64-debian-clang 2.8.1 561.94 62.94 624.88 OK
r-devel-linux-x86_64-debian-gcc 2.8.1 389.94 58.35 448.29 OK
r-devel-linux-x86_64-fedora-clang 2.8.1 985.54 NOTE
r-devel-linux-x86_64-fedora-gcc 2.8.1 1008.07 OK
r-devel-windows-x86_64 2.8.1 420.00 102.00 522.00 NOTE
r-patched-linux-x86_64 2.8.1 462.05 68.99 531.04 OK
r-release-linux-x86_64 2.8.1 463.62 67.42 531.04 OK
r-release-macos-arm64 2.8.1 146.00 NOTE
r-release-macos-x86_64 2.8.1 201.00 NOTE
r-release-windows-x86_64 2.8.1 541.00 116.00 657.00 NOTE
r-oldrel-macos-arm64 2.8.1 149.00 NOTE
r-oldrel-macos-x86_64 2.8.1 227.00 NOTE
r-oldrel-windows-x86_64 2.8.1 489.00 100.00 589.00 NOTE

Check Details

Version: 2.8.1
Check: installed package size
Result: NOTE installed size is 5.4Mb sub-directories of 1Mb or more: extdata 2.0Mb libs 3.2Mb Flavors: r-devel-linux-x86_64-fedora-clang, r-devel-windows-x86_64, r-release-macos-arm64, r-release-macos-x86_64, r-release-windows-x86_64, r-oldrel-macos-arm64, r-oldrel-macos-x86_64, r-oldrel-windows-x86_64