Last updated on 2023-03-27 23:55:52 CEST.
Flavor | Version | Tinstall | Tcheck | Ttotal | Status | Flags |
---|---|---|---|---|---|---|
r-devel-linux-x86_64-debian-clang | 1.0.0 | 2.70 | 30.89 | 33.59 | NOTE | |
r-devel-linux-x86_64-debian-gcc | 1.0.0 | 2.59 | 24.64 | 27.23 | NOTE | |
r-devel-linux-x86_64-fedora-clang | 1.0.0 | 42.18 | NOTE | |||
r-devel-linux-x86_64-fedora-gcc | 1.0.0 | 43.32 | NOTE | |||
r-devel-windows-x86_64 | 1.0.0 | 11.00 | 60.00 | 71.00 | NOTE | |
r-patched-linux-x86_64 | 1.0.0 | 2.82 | 30.21 | 33.03 | NOTE | |
r-release-linux-x86_64 | 1.0.0 | 3.16 | 32.20 | 35.36 | OK | |
r-release-macos-arm64 | 1.0.0 | 19.00 | OK | |||
r-release-macos-x86_64 | 1.0.0 | 24.00 | OK | |||
r-release-windows-x86_64 | 1.0.0 | 15.00 | 61.00 | 76.00 | OK | |
r-oldrel-macos-arm64 | 1.0.0 | 15.00 | OK | |||
r-oldrel-macos-x86_64 | 1.0.0 | 24.00 | OK | |||
r-oldrel-windows-ix86+x86_64 | 1.0.0 | 8.00 | 60.00 | 68.00 | OK |
Version: 1.0.0
Check: package subdirectories
Result: NOTE
Problems with news in ‘NEWS.md’:
No news entries found.
Flavors: r-devel-linux-x86_64-debian-clang, r-devel-linux-x86_64-debian-gcc, r-devel-linux-x86_64-fedora-clang, r-devel-linux-x86_64-fedora-gcc, r-devel-windows-x86_64, r-patched-linux-x86_64