Last updated on 2023-03-29 23:56:53 CEST.
Flavor | Version | Tinstall | Tcheck | Ttotal | Status | Flags |
---|---|---|---|---|---|---|
r-devel-linux-x86_64-debian-clang | 1.0-11 | 5.46 | 137.09 | 142.55 | NOTE | |
r-devel-linux-x86_64-debian-gcc | 1.0-11 | 4.36 | 101.37 | 105.73 | NOTE | |
r-devel-linux-x86_64-fedora-clang | 1.0-11 | 174.21 | NOTE | |||
r-devel-linux-x86_64-fedora-gcc | 1.0-11 | 189.99 | NOTE | |||
r-devel-windows-x86_64 | 1.0-11 | 26.00 | 178.00 | 204.00 | NOTE | |
r-patched-linux-x86_64 | 1.0-11 | 4.29 | 128.37 | 132.66 | NOTE | |
r-release-linux-x86_64 | 1.0-11 | 4.73 | 128.59 | 133.32 | OK | |
r-release-macos-arm64 | 1.0-11 | 49.00 | OK | |||
r-release-macos-x86_64 | 1.0-11 | 78.00 | OK | |||
r-release-windows-x86_64 | 1.0-11 | 30.00 | 165.00 | 195.00 | OK | |
r-oldrel-macos-arm64 | 1.0-11 | 59.00 | OK | |||
r-oldrel-macos-x86_64 | 1.0-11 | 109.00 | OK | |||
r-oldrel-windows-ix86+x86_64 | 1.0-11 | 12.00 | 150.00 | 162.00 | OK |
Version: 1.0-11
Check: Rd files
Result: NOTE
checkRd: (-1) performance.Rd:35: Escaped LaTeX specials: \#
checkRd: (-1) performance.Rd:36: Escaped LaTeX specials: \# \# \#
checkRd: (-1) performance.Rd:37: Escaped LaTeX specials: \# \#
Flavors: r-devel-linux-x86_64-debian-clang, r-devel-linux-x86_64-debian-gcc, r-devel-linux-x86_64-fedora-clang, r-devel-linux-x86_64-fedora-gcc, r-devel-windows-x86_64, r-patched-linux-x86_64