CRAN Package Check Results for Package ROI.plugin.cplex

Last updated on 2022-05-26 23:53:06 CEST.

Flavor Version Tinstall Tcheck Ttotal Status Flags
r-devel-linux-x86_64-debian-clang 0.3-0 6.32 55.22 61.54 OK --no-tests
r-devel-linux-x86_64-debian-gcc 0.3-0 3.74 45.35 49.09 OK --no-tests
r-devel-windows-x86_64 0.3-0 1.00 7.00 8.00 ERROR
r-patched-linux-x86_64 0.3-0 5.75 51.62 57.37 OK --no-tests
r-release-linux-x86_64 0.3-0 3.72 52.52 56.24 OK --no-tests
r-release-macos-arm64 0.3-0 6.00 ERROR
r-release-macos-x86_64 0.3-0 6.00 ERROR
r-release-windows-x86_64 0.3-0 2.00 23.00 25.00 ERROR
r-oldrel-macos-arm64 0.3-0 6.00 ERROR
r-oldrel-macos-x86_64 0.3-0 9.00 ERROR

Check Details

Version: 0.3-0
Check: package dependencies
Result: ERROR
    Package required but not available: 'Rcplex'
    
    See section 'The DESCRIPTION file' in the 'Writing R Extensions'
    manual.
Flavors: r-devel-windows-x86_64, r-release-macos-arm64, r-release-macos-x86_64, r-release-windows-x86_64, r-oldrel-macos-arm64, r-oldrel-macos-x86_64