CRAN Package Check Results for Package ROSE

Last updated on 2021-07-31 17:50:49 CEST.

Flavor Version Tinstall Tcheck Ttotal Status Flags
r-devel-linux-x86_64-debian-clang 0.0-4 2.75 26.28 29.03 OK
r-devel-linux-x86_64-debian-gcc 0.0-4 2.29 21.01 23.30 OK
r-devel-linux-x86_64-fedora-clang 0.0-4 44.89 NOTE
r-devel-linux-x86_64-fedora-gcc 0.0-4 34.01 OK
r-devel-windows-x86_64 0.0-4 4.00 49.00 53.00 OK
r-devel-windows-x86_64-gcc10-UCRT 0.0-4 OK
r-patched-linux-x86_64 0.0-4 OK
r-patched-solaris-x86 0.0-4 51.80 OK
r-release-linux-x86_64 0.0-4 2.33 25.90 28.23 OK
r-release-macos-arm64 0.0-4 OK
r-release-macos-x86_64 0.0-4 OK
r-release-windows-ix86+x86_64 0.0-4 7.00 33.00 40.00 OK
r-oldrel-macos-x86_64 0.0-4 OK
r-oldrel-windows-ix86+x86_64 0.0-4 5.00 44.00 49.00 OK

Check Details

Version: 0.0-4
Check: Rd cross-references
Result: NOTE
    Undeclared package ‘pROC’ in Rd xrefs
Flavor: r-devel-linux-x86_64-fedora-clang