Last updated on 2024-03-28 17:49:41 CET.
Flavor | Version | Tinstall | Tcheck | Ttotal | Status | Flags |
---|---|---|---|---|---|---|
r-devel-linux-x86_64-debian-clang | 2.3 | 123.65 | 772.19 | 895.84 | OK | |
r-devel-linux-x86_64-debian-gcc | 2.3 | 84.31 | 538.74 | 623.05 | OK | |
r-devel-linux-x86_64-fedora-clang | 2.3 | 1031.83 | NOTE | |||
r-devel-linux-x86_64-fedora-gcc | 2.3 | 999.46 | OK | |||
r-devel-windows-x86_64 | 2.3 | 86.00 | 508.00 | 594.00 | OK | |
r-patched-linux-x86_64 | 2.3 | 82.45 | 734.81 | 817.26 | OK | |
r-release-linux-x86_64 | 2.3 | 73.65 | 728.13 | 801.78 | OK | |
r-release-macos-arm64 | 2.3 | 235.00 | OK | |||
r-release-macos-x86_64 | 2.3 | 576.00 | OK | |||
r-release-windows-x86_64 | 2.3 | 113.00 | 661.00 | 774.00 | OK | |
r-oldrel-macos-arm64 | 2.3 | 219.00 | OK | |||
r-oldrel-windows-x86_64 | 2.3 | 118.00 | 670.00 | 788.00 | OK |
Version: 2.3
Check: package dependencies
Result: NOTE
Imports includes 26 non-default packages.
Importing from so many packages makes the package vulnerable to any of
them becoming unavailable. Move as many as possible to Suggests and
use conditionally.
Flavor: r-devel-linux-x86_64-fedora-clang