Last updated on 2023-06-11 01:01:25 CEST.
Flavor | Version | Tinstall | Tcheck | Ttotal | Status | Flags |
---|---|---|---|---|---|---|
r-devel-linux-x86_64-debian-clang | 2.2 | 95.37 | 714.32 | 809.69 | OK | |
r-devel-linux-x86_64-debian-gcc | 2.2 | 68.19 | 517.74 | 585.93 | OK | |
r-devel-linux-x86_64-fedora-clang | 2.2 | 995.83 | NOTE | |||
r-devel-linux-x86_64-fedora-gcc | 2.2 | 939.43 | OK | |||
r-devel-windows-x86_64 | 2.2 | 72.00 | 484.00 | 556.00 | OK | |
r-patched-linux-x86_64 | 2.2 | 77.18 | 663.32 | 740.50 | OK | |
r-release-linux-x86_64 | 2.2 | 61.50 | 654.62 | 716.12 | OK | |
r-release-macos-arm64 | 2.2 | 225.00 | OK | |||
r-release-macos-x86_64 | 2.2 | 433.00 | OK | |||
r-release-windows-x86_64 | 2.2 | 103.00 | 666.00 | 769.00 | OK | |
r-oldrel-macos-arm64 | 2.2 | 167.00 | OK | |||
r-oldrel-macos-x86_64 | 2.2 | 275.00 | OK | |||
r-oldrel-windows-x86_64 | 2.2 | 101.00 | 634.00 | 735.00 | OK |
Version: 2.2
Check: package dependencies
Result: NOTE
Imports includes 21 non-default packages.
Importing from so many packages makes the package vulnerable to any of
them becoming unavailable. Move as many as possible to Suggests and
use conditionally.
Flavor: r-devel-linux-x86_64-fedora-clang