CRAN Package Check Results for Package RPPanalyzer

Last updated on 2020-10-28 23:47:24 CET.

Flavor Version Tinstall Tcheck Ttotal Status Flags
r-devel-linux-x86_64-debian-clang 1.4.6 20.90 150.94 171.84 OK
r-devel-linux-x86_64-debian-gcc 1.4.6 15.75 112.22 127.97 OK
r-devel-linux-x86_64-fedora-clang 1.4.6 223.63 NOTE
r-devel-linux-x86_64-fedora-gcc 1.4.6 212.26 OK
r-devel-windows-ix86+x86_64 1.4.6 42.00 186.00 228.00 NOTE
r-patched-linux-x86_64 1.4.6 13.28 137.75 151.03 OK
r-patched-solaris-x86 1.4.6 280.40 NOTE
r-release-linux-x86_64 1.4.6 18.55 138.54 157.09 OK
r-release-macos-x86_64 1.4.6 NOTE
r-release-windows-ix86+x86_64 1.4.6 31.00 131.00 162.00 NOTE
r-oldrel-macos-x86_64 1.4.6 NOTE
r-oldrel-windows-ix86+x86_64 1.4.6 36.00 176.00 212.00 NOTE

Check Details

Version: 1.4.6
Check: installed package size
Result: NOTE
     installed size is 5.4Mb
     sub-directories of 1Mb or more:
     extdata 4.5Mb
Flavors: r-devel-linux-x86_64-fedora-clang, r-devel-windows-ix86+x86_64, r-patched-solaris-x86, r-release-macos-x86_64, r-release-windows-ix86+x86_64, r-oldrel-macos-x86_64, r-oldrel-windows-ix86+x86_64