Last updated on 2024-04-19 11:56:59 CEST.
Flavor | Version | Tinstall | Tcheck | Ttotal | Status | Flags |
---|---|---|---|---|---|---|
r-devel-linux-x86_64-debian-clang | 0.1 | 3.44 | 38.33 | 41.77 | NOTE | |
r-devel-linux-x86_64-debian-gcc | 0.1 | NOTE | ||||
r-devel-linux-x86_64-fedora-clang | 0.1 | 52.63 | NOTE | |||
r-devel-linux-x86_64-fedora-gcc | 0.1 | 49.98 | NOTE | |||
r-prerel-macos-arm64 | 0.1 | 19.00 | NOTE | |||
r-prerel-windows-x86_64 | 0.1 | 4.00 | 50.00 | 54.00 | NOTE | |
r-patched-linux-x86_64 | 0.1 | 3.32 | 37.32 | 40.64 | NOTE | |
r-release-linux-x86_64 | 0.1 | 2.86 | 38.00 | 40.86 | OK | |
r-release-macos-arm64 | 0.1 | 19.00 | OK | |||
r-release-macos-x86_64 | 0.1 | 29.00 | OK | |||
r-release-windows-x86_64 | 0.1 | 5.00 | 52.00 | 57.00 | OK | |
r-oldrel-macos-arm64 | 0.1 | 20.00 | OK | |||
r-oldrel-windows-x86_64 | 0.1 | 4.00 | 54.00 | 58.00 | OK |
Version: 0.1
Check: Rd files
Result: NOTE
checkRd: (-1) Boost.Rd:40: Lost braces; missing escapes or markup?
40 | \item{niter}{number of boosting iterations (for RRBoost: T_{1,max} + T_{2,max}) (numeric)}
| ^
checkRd: (-1) Boost.Rd:40: Lost braces; missing escapes or markup?
40 | \item{niter}{number of boosting iterations (for RRBoost: T_{1,max} + T_{2,max}) (numeric)}
| ^
checkRd: (-1) Boost.Rd:54: Lost braces; missing escapes or markup?
54 | \item{niter}{number of iterations for the boosting algorithm (for RRBoost T_{1,max} + T_{2,max}) (numeric)}
| ^
checkRd: (-1) Boost.Rd:54: Lost braces; missing escapes or markup?
54 | \item{niter}{number of iterations for the boosting algorithm (for RRBoost T_{1,max} + T_{2,max}) (numeric)}
| ^
checkRd: (-1) Boost.control.Rd:25: Lost braces; missing escapes or markup?
25 | \item{n_init}{number of iterations for the SBoost step of RRBoost ($T_{1,max}$) (int)}
| ^
checkRd: (-1) Boost.validation.Rd:41: Lost braces; missing escapes or markup?
41 | \item{niter}{number of iterations (for RRBoost T_{1,max} + T_{2,max}) (numeric)}
| ^
checkRd: (-1) Boost.validation.Rd:41: Lost braces; missing escapes or markup?
41 | \item{niter}{number of iterations (for RRBoost T_{1,max} + T_{2,max}) (numeric)}
| ^
Flavors: r-devel-linux-x86_64-debian-clang, r-devel-linux-x86_64-debian-gcc, r-devel-linux-x86_64-fedora-clang, r-devel-linux-x86_64-fedora-gcc, r-prerel-macos-arm64, r-prerel-windows-x86_64, r-patched-linux-x86_64