CRAN Package Check Results for Package RSDA

Last updated on 2023-03-24 06:50:47 CET.

Flavor Version Tinstall Tcheck Ttotal Status Flags
r-devel-linux-x86_64-debian-clang 3.0.13 23.93 194.84 218.77 ERROR
r-devel-linux-x86_64-debian-gcc 3.0.13 20.66 143.30 163.96 ERROR
r-devel-linux-x86_64-fedora-clang 3.0.13 271.74 ERROR
r-devel-linux-x86_64-fedora-gcc 3.0.13 284.26 ERROR
r-devel-windows-x86_64 3.0.13 84.00 248.00 332.00 ERROR
r-patched-linux-x86_64 3.0.13 23.75 177.26 201.01 ERROR
r-release-linux-x86_64 3.0.13 23.92 174.84 198.76 ERROR
r-release-macos-arm64 3.0.13 144.00 OK
r-release-macos-x86_64 3.0.13 203.00 OK
r-release-windows-x86_64 3.0.13 105.00 205.00 310.00 ERROR
r-oldrel-macos-arm64 3.0.13 136.00 OK
r-oldrel-macos-x86_64 3.0.13 200.00 OK
r-oldrel-windows-ix86+x86_64 3.0.13 53.00 208.00 261.00 ERROR

Check Details

Version: 3.0.13
Check: examples
Result: ERROR
    Running examples in ‘RSDA-Ex.R’ failed
    The error most likely occurred in:
    
    > base::assign(".ptime", proc.time(), pos = "CheckExEnv")
    > ### Name: abalone
    > ### Title: SODAS XML data file.
    > ### Aliases: abalone
    > ### Keywords: datasets
    >
    > ### ** Examples
    >
    > data(abalone)
    > res <- sym.pca(abalone, 'centers')
    Error in get(x, envir = ns, inherits = FALSE) :
     object 'tbl_subset_col' not found
    Calls: sym.pca ... %in% -> [ -> [.symbolic_tbl -> getFromNamespace -> get
    Execution halted
Flavors: r-devel-linux-x86_64-debian-clang, r-devel-linux-x86_64-debian-gcc, r-patched-linux-x86_64, r-release-linux-x86_64

Version: 3.0.13
Check: re-building of vignette outputs
Result: ERROR
    Error(s) in re-building vignettes:
     ...
    --- re-building ‘introduction.Rmd’ using rmarkdown
    Quitting from lines 60-64 (introduction.Rmd)
    Error: processing vignette ‘introduction.Rmd’ failed with diagnostics:
    object ‘tbl_subset_col’ not found
    --- failed re-building ‘introduction.Rmd’
    
    SUMMARY: processing the following file failed:
     ‘introduction.Rmd’
    
    Error: Vignette re-building failed.
    Execution halted
Flavors: r-devel-linux-x86_64-debian-clang, r-devel-linux-x86_64-debian-gcc, r-patched-linux-x86_64, r-release-linux-x86_64

Version: 3.0.13
Check: package dependencies
Result: NOTE
    Imports includes 29 non-default packages.
    Importing from so many packages makes the package vulnerable to any of
    them becoming unavailable. Move as many as possible to Suggests and
    use conditionally.
Flavor: r-devel-linux-x86_64-fedora-clang

Version: 3.0.13
Check: examples
Result: ERROR
    Running examples in ‘RSDA-Ex.R’ failed
    The error most likely occurred in:
    
    > ### Name: abalone
    > ### Title: SODAS XML data file.
    > ### Aliases: abalone
    > ### Keywords: datasets
    >
    > ### ** Examples
    >
    > data(abalone)
    > res <- sym.pca(abalone, 'centers')
    Error in get(x, envir = ns, inherits = FALSE) :
     object 'tbl_subset_col' not found
    Calls: sym.pca ... %in% -> [ -> [.symbolic_tbl -> getFromNamespace -> get
    Execution halted
Flavors: r-devel-linux-x86_64-fedora-clang, r-devel-linux-x86_64-fedora-gcc, r-devel-windows-x86_64, r-release-windows-x86_64, r-oldrel-windows-ix86+x86_64

Version: 3.0.13
Check: re-building of vignette outputs
Result: ERROR
    Error(s) in re-building vignettes:
    --- re-building ‘introduction.Rmd’ using rmarkdown
    Quitting from lines 60-64 (introduction.Rmd)
    Error: processing vignette 'introduction.Rmd' failed with diagnostics:
    object 'tbl_subset_col' not found
    --- failed re-building ‘introduction.Rmd’
    
    SUMMARY: processing the following file failed:
     ‘introduction.Rmd’
    
    Error: Vignette re-building failed.
    Execution halted
Flavors: r-devel-linux-x86_64-fedora-clang, r-devel-linux-x86_64-fedora-gcc, r-devel-windows-x86_64, r-release-windows-x86_64

Version: 3.0.13
Check: R code for possible problems
Result: NOTE
    Initiating curl with CURL_SSL_BACKEND: openssl
Flavor: r-oldrel-windows-ix86+x86_64

Version: 3.0.13
Check: re-building of vignette outputs
Result: WARN
    Error(s) in re-building vignettes:
    --- re-building 'introduction.Rmd' using rmarkdown
    Initiating curl with CURL_SSL_BACKEND: openssl
    Quitting from lines 60-64 (introduction.Rmd)
    Error: processing vignette 'introduction.Rmd' failed with diagnostics:
    object 'tbl_subset_col' not found
    --- failed re-building 'introduction.Rmd'
    
    SUMMARY: processing the following file failed:
     'introduction.Rmd'
    
    Error: Vignette re-building failed.
    Execution halted
Flavor: r-oldrel-windows-ix86+x86_64