CRAN Package Check Results for Package RSKC

Last updated on 2019-03-22 11:53:16 CET.

Flavor Version Tinstall Tcheck Ttotal Status Flags
r-devel-linux-x86_64-debian-clang 2.4.2 5.61 35.21 40.82 OK
r-devel-linux-x86_64-debian-gcc 2.4.2 4.40 28.30 32.70 OK
r-devel-linux-x86_64-fedora-clang 2.4.2 48.91 NOTE
r-devel-linux-x86_64-fedora-gcc 2.4.2 46.46 NOTE
r-devel-windows-ix86+x86_64 2.4.2 19.00 78.00 97.00 OK
r-patched-linux-x86_64 2.4.2 4.13 33.02 37.15 OK
r-patched-solaris-x86 2.4.2 81.70 OK
r-release-linux-x86_64 2.4.2 3.69 32.74 36.43 OK
r-release-windows-ix86+x86_64 2.4.2 16.00 76.00 92.00 OK
r-release-osx-x86_64 2.4.2 OK
r-oldrel-windows-ix86+x86_64 2.4.2 12.00 72.00 84.00 OK
r-oldrel-osx-x86_64 2.4.2 OK

Check Details

Version: 2.4.2
Check: compiled code
Result: NOTE
    File ‘RSKC/libs/RSKC.so’:
     Found no calls to: ‘R_registerRoutines’, ‘R_useDynamicSymbols’
    
    It is good practice to register native routines and to disable symbol
    search.
    
    See ‘Writing portable packages’ in the ‘Writing R Extensions’ manual.
Flavors: r-devel-linux-x86_64-fedora-clang, r-devel-linux-x86_64-fedora-gcc