CRAN Package Check Results for Package RSKC

Last updated on 2019-05-19 22:51:52 CEST.

Flavor Version Tinstall Tcheck Ttotal Status Flags
r-devel-linux-x86_64-debian-clang 2.4.2 5.32 34.99 40.31 OK
r-devel-linux-x86_64-debian-gcc 2.4.2 4.60 28.23 32.83 OK
r-devel-linux-x86_64-fedora-clang 2.4.2 47.81 NOTE
r-devel-linux-x86_64-fedora-gcc 2.4.2 45.94 NOTE
r-devel-windows-ix86+x86_64 2.4.2 16.00 82.00 98.00 OK
r-patched-linux-x86_64 2.4.2 4.96 34.46 39.42 OK
r-patched-solaris-x86 2.4.2 85.60 OK
r-release-linux-x86_64 2.4.2 4.62 34.42 39.04 OK
r-release-windows-ix86+x86_64 2.4.2 22.00 84.00 106.00 OK
r-release-osx-x86_64 2.4.2 OK
r-oldrel-windows-ix86+x86_64 2.4.2 11.00 77.00 88.00 OK
r-oldrel-osx-x86_64 2.4.2 OK

Check Details

Version: 2.4.2
Check: compiled code
Result: NOTE
    File ‘RSKC/libs/RSKC.so’:
     Found no calls to: ‘R_registerRoutines’, ‘R_useDynamicSymbols’
    
    It is good practice to register native routines and to disable symbol
    search.
    
    See ‘Writing portable packages’ in the ‘Writing R Extensions’ manual.
Flavors: r-devel-linux-x86_64-fedora-clang, r-devel-linux-x86_64-fedora-gcc