Last updated on 2024-05-11 11:48:30 CEST.
Flavor | Version | Tinstall | Tcheck | Ttotal | Status | Flags |
---|---|---|---|---|---|---|
r-devel-linux-x86_64-debian-clang | 0.4-17 | 102.55 | 58.77 | 161.32 | OK | |
r-devel-linux-x86_64-debian-gcc | 0.4-17 | 84.02 | 43.13 | 127.15 | OK | |
r-devel-linux-x86_64-fedora-clang | 0.4-17 | 298.10 | OK | |||
r-devel-linux-x86_64-fedora-gcc | 0.4-17 | 290.87 | OK | |||
r-devel-windows-x86_64 | 0.4-17 | 96.00 | 118.00 | 214.00 | OK | |
r-patched-linux-x86_64 | 0.4-17 | 108.66 | 55.08 | 163.74 | OK | |
r-release-linux-x86_64 | 0.4-17 | 103.05 | 55.67 | 158.72 | OK | |
r-release-macos-arm64 | 0.4-17 | 54.00 | NOTE | |||
r-release-windows-x86_64 | 0.4-17 | 97.00 | 107.00 | 204.00 | OK | |
r-oldrel-macos-arm64 | 0.4-17 | 75.00 | NOTE | |||
r-oldrel-macos-x86_64 | 0.4-17 | 95.00 | NOTE | |||
r-oldrel-windows-x86_64 | 0.4-17 | 98.00 | 111.00 | 209.00 | OK |
Version: 0.4-17
Check: installed package size
Result: NOTE
installed size is 7.2Mb
sub-directories of 1Mb or more:
libs 6.2Mb
Flavors: r-release-macos-arm64, r-oldrel-macos-arm64, r-oldrel-macos-x86_64