CRAN Package Check Results for Package RSNNS

Last updated on 2021-05-11 23:50:56 CEST.

Flavor Version Tinstall Tcheck Ttotal Status Flags
r-devel-linux-x86_64-debian-clang 0.4-12 82.01 52.01 134.02 OK
r-devel-linux-x86_64-debian-gcc 0.4-12 58.48 40.38 98.86 OK
r-devel-linux-x86_64-fedora-clang 0.4-12 235.30 NOTE
r-devel-linux-x86_64-fedora-gcc 0.4-12 170.29 OK
r-devel-windows-ix86+x86_64 0.4-12 179.00 113.00 292.00 WARN
r-devel-windows-x86_64-gcc10-UCRT 0.4-12 WARN
r-patched-linux-x86_64 0.4-12 71.08 51.05 122.13 OK
r-patched-solaris-x86 0.4-12 169.80 OK
r-release-linux-x86_64 0.4-12 69.69 50.81 120.50 OK
r-release-macos-x86_64 0.4-12 NOTE
r-release-windows-ix86+x86_64 0.4-12 173.00 92.00 265.00 WARN
r-oldrel-macos-x86_64 0.4-12 NOTE
r-oldrel-windows-ix86+x86_64 0.4-12 182.00 10.00 192.00 ERROR

Check Details

Version: 0.4-12
Check: installed package size
Result: NOTE
     installed size is 6.9Mb
     sub-directories of 1Mb or more:
     libs 5.9Mb
Flavors: r-devel-linux-x86_64-fedora-clang, r-release-macos-x86_64, r-oldrel-macos-x86_64

Version: 0.4-12
Check: whether package can be installed
Result: WARN
    Found the following significant warnings:
     kr_io.cpp:891:9: warning: 'char* strcat(char*, const char*)' accessing 631 or more bytes at offsets 6607 and 7237 may overlap 1 byte at offset 7237 [-Wrestrict]
     kr_io.cpp:868:9: warning: 'char* strcat(char*, const char*)' accessing 631 or more bytes at offsets 6607 and 7237 may overlap 1 byte at offset 7237 [-Wrestrict]
     kr_io.cpp:891:9: warning: 'char* strcat(char*, const char*)' accessing 631 or more bytes at offsets 6719 and 7349 may overlap 1 byte at offset 7349 [-Wrestrict]
     kr_io.cpp:868:9: warning: 'char* strcat(char*, const char*)' accessing 631 or more bytes at offsets 6719 and 7349 may overlap 1 byte at offset 7349 [-Wrestrict]
Flavors: r-devel-windows-ix86+x86_64, r-release-windows-ix86+x86_64

Version: 0.4-12
Check: whether package can be installed
Result: WARN
    Found the following significant warnings:
     kr_io.cpp:891:9: warning: 'char* strcat(char*, const char*)' accessing 631 or more bytes at offsets 6719 and 7349 may overlap 1 byte at offset 7349 [-Wrestrict]
     kr_io.cpp:868:9: warning: 'char* strcat(char*, const char*)' accessing 631 or more bytes at offsets 6719 and 7349 may overlap 1 byte at offset 7349 [-Wrestrict]
Flavor: r-devel-windows-x86_64-gcc10-UCRT

Version: 0.4-12
Check: whether package can be installed
Result: ERROR
    Installation failed.
    See for details.
    *
Flavor: r-oldrel-windows-ix86+x86_64