CRAN Package Check Results for Package RSVGTipsDevice

Last updated on 2019-04-19 17:50:12 CEST.

Flavor Version Tinstall Tcheck Ttotal Status Flags
r-devel-linux-x86_64-debian-clang 1.0-7 2.42 18.07 20.49 OK
r-devel-linux-x86_64-debian-gcc 1.0-7 1.94 14.66 16.60 OK
r-devel-linux-x86_64-fedora-clang 1.0-7 24.84 NOTE
r-devel-linux-x86_64-fedora-gcc 1.0-7 23.44 NOTE
r-patched-linux-x86_64 1.0-7 2.37 18.07 20.44 OK
r-patched-solaris-x86 1.0-7 38.50 OK
r-release-linux-x86_64 1.0-7 1.67 17.11 18.78 OK
r-release-windows-ix86+x86_64 1.0-7 7.00 35.00 42.00 ERROR
r-release-osx-x86_64 1.0-7 OK
r-oldrel-osx-x86_64 1.0-7 OK

Check Details

Version: 1.0-7
Check: compiled code
Result: NOTE
    File ‘RSVGTipsDevice/libs/RSVGTipsDevice.so’:
     Found no calls to: ‘R_registerRoutines’, ‘R_useDynamicSymbols’
    
    It is good practice to register native routines and to disable symbol
    search.
    
    See ‘Writing portable packages’ in the ‘Writing R Extensions’ manual.
Flavors: r-devel-linux-x86_64-fedora-clang, r-devel-linux-x86_64-fedora-gcc

Version: 1.0-7
Check: running examples for arch ‘x64’
Result: ERROR
    Running examples in 'RSVGTipsDevice-Ex.R' failed
    The error most likely occurred in:
    
    > ### Name: RSVGTipsDevice
    > ### Title: A SVG Graphics Driver with dynamic tips
    > ### Aliases: RSVGTipsDevice
    > ### Keywords: device package
    >
    > ### ** Examples
    >
    > library("RSVGTipsDevice")
    > sessionInfo()
    R Under development (unstable) (2017-12-30 r73992)
    Platform: x86_64-w64-mingw32/x64 (64-bit)
    Running under: Windows Server 2008 x64 (build 6002) Service Pack 2
    
    Matrix products: default
    
    locale:
    [1] LC_COLLATE=C LC_CTYPE=German_Germany.1252
    [3] LC_MONETARY=C LC_NUMERIC=C
    [5] LC_TIME=C
    
    attached base packages:
    [1] stats graphics grDevices utils datasets methods base
    
    other attached packages:
    [1] RSVGTipsDevice_1.0-7
    
    loaded via a namespace (and not attached):
    [1] compiler_3.5.0
    > devSVGTips("svgplot1.svg", toolTipMode=1,
    + title="SVG example plot 1: Shapes and Points, Tooltips are Title + 1 Line")
    > plot(c(0,10),c(0,10), type="n", xlab="x", ylab="y",
    + main="Example SVG plot with title + 1 line tips (mode=1)")
    > setSVGShapeToolTip(title="A rectangle", desc="that is yellow")
    > rect(1,1,4,6, col='yellow')
    > setSVGShapeToolTip(title="1st circle with title only")
    > points(5.5,7.5,cex=20,pch=19,col='red')
    > setSVGShapeToolTip(title="A triangle", desc="big and green")
    > polygon(c(3,6,8), c(3,6,3), col='green')
    > # no tooltips on these points
    > points(2:8, 8:2, cex=3, pch=19, col='black')
    > # tooltips on each these points
    > invisible(sapply(1:7, function(x)
    + {setSVGShapeToolTip(title=paste("point", x))
    + points(x+1, 8-x, cex=3, pch=1, col='black')}))
    > setSVGShapeToolTip(title="Text", desc="can have a tool tip too!")
    > text(x=4, y=9, lab="Poke me!", col="blue")
    > dev.off()
Flavor: r-release-windows-ix86+x86_64