Last updated on 2024-04-18 11:51:14 CEST.
Flavor | Version | Tinstall | Tcheck | Ttotal | Status | Flags |
---|---|---|---|---|---|---|
r-devel-linux-x86_64-debian-clang | 1.7.9 | 4.34 | 47.58 | 51.92 | NOTE | |
r-devel-linux-x86_64-debian-gcc | 1.7.9 | 3.81 | 36.88 | 40.69 | NOTE | |
r-devel-linux-x86_64-fedora-clang | 1.7.9 | 67.33 | NOTE | |||
r-devel-linux-x86_64-fedora-gcc | 1.7.9 | 76.84 | NOTE | |||
r-prerel-macos-arm64 | 1.7.9 | 31.00 | NOTE | |||
r-prerel-windows-x86_64 | 1.7.9 | 7.00 | 58.00 | 65.00 | NOTE | |
r-patched-linux-x86_64 | 1.7.9 | 4.17 | 45.58 | 49.75 | NOTE | |
r-release-linux-x86_64 | 1.7.9 | 4.06 | 44.61 | 48.67 | OK | |
r-release-macos-arm64 | 1.7.9 | 35.00 | OK | |||
r-release-macos-x86_64 | 1.7.9 | 48.00 | OK | |||
r-release-windows-x86_64 | 1.7.9 | 7.00 | 60.00 | 67.00 | OK | |
r-oldrel-macos-arm64 | 1.7.9 | 28.00 | OK | |||
r-oldrel-windows-x86_64 | 1.7.9 | 10.00 | 67.00 | 77.00 | OK |
Version: 1.7.9
Check: Rd files
Result: NOTE
checkRd: (-1) remoteDriver-class.Rd:39-40: Lost braces
39 | browser being used; should be one of {chrome|firefox|htmlunit|
| ^
checkRd: (-1) remoteDriver-class.Rd:50: Lost braces; missing escapes or markup?
50 | of {WINDOWS|XP|VISTA|MAC|LINUX|UNIX}. When requesting a new session,
| ^
checkRd: (-1) remoteDriver-class.Rd:194-196: Lost braces
194 | element, available schemes: {"class name", "css selector",
| ^
checkRd: (-1) webElement-class.Rd:50-52: Lost braces
50 | element, available schemes: {"class name", "css selector",
| ^
checkRd: (-1) webElement-class.Rd:67-69: Lost braces
67 | element, available schemes: {"class name", "css selector",
| ^
Flavors: r-devel-linux-x86_64-debian-clang, r-devel-linux-x86_64-debian-gcc, r-devel-linux-x86_64-fedora-clang, r-devel-linux-x86_64-fedora-gcc, r-prerel-macos-arm64, r-prerel-windows-x86_64, r-patched-linux-x86_64