Last updated on 2024-03-28 17:49:41 CET.
Flavor | Version | Tinstall | Tcheck | Ttotal | Status | Flags |
---|---|---|---|---|---|---|
r-devel-linux-x86_64-debian-clang | 2.2.2 | 3.11 | 38.68 | 41.79 | NOTE | |
r-devel-linux-x86_64-debian-gcc | 2.2.2 | 2.45 | 29.06 | 31.51 | NOTE | |
r-devel-linux-x86_64-fedora-clang | 2.2.2 | 50.77 | NOTE | |||
r-devel-linux-x86_64-fedora-gcc | 2.2.2 | 65.54 | NOTE | |||
r-devel-windows-x86_64 | 2.2.2 | 4.00 | 48.00 | 52.00 | NOTE | |
r-patched-linux-x86_64 | 2.2.2 | 3.08 | 37.43 | 40.51 | NOTE | |
r-release-linux-x86_64 | 2.2.2 | 2.80 | 35.88 | 38.68 | NOTE | |
r-release-macos-arm64 | 2.2.2 | 24.00 | NOTE | |||
r-release-macos-x86_64 | 2.2.2 | 32.00 | NOTE | |||
r-release-windows-x86_64 | 2.2.2 | 4.00 | 50.00 | 54.00 | NOTE | |
r-oldrel-macos-arm64 | 2.2.2 | 18.00 | NOTE | |||
r-oldrel-windows-x86_64 | 2.2.2 | 4.00 | 54.00 | 58.00 | NOTE |
Version: 2.2.2
Check: LazyData
Result: NOTE
'LazyData' is specified without a 'data' directory
Flavors: r-devel-linux-x86_64-debian-clang, r-devel-linux-x86_64-debian-gcc, r-devel-linux-x86_64-fedora-clang, r-devel-linux-x86_64-fedora-gcc, r-devel-windows-x86_64, r-patched-linux-x86_64, r-release-linux-x86_64, r-release-macos-arm64, r-release-macos-x86_64, r-release-windows-x86_64, r-oldrel-macos-arm64, r-oldrel-windows-x86_64