CRAN Package Check Results for Package RSiena

Last updated on 2021-06-15 17:50:36 CEST.

Flavor Version Tinstall Tcheck Ttotal Status Flags
r-devel-linux-x86_64-debian-clang 1.3.0 274.71 271.50 546.21 OK
r-devel-linux-x86_64-debian-gcc 1.3.0 195.89 197.87 393.76 OK
r-devel-linux-x86_64-fedora-clang 1.3.0 915.33 NOTE
r-devel-linux-x86_64-fedora-gcc 1.3.0 710.59 OK
r-devel-windows-x86_64 1.3.0 384.00 300.00 684.00 OK
r-devel-windows-x86_64-gcc10-UCRT 1.3.0 OK
r-patched-linux-x86_64 1.3.0 232.83 260.51 493.34 OK
r-patched-solaris-x86 1.3.0 1076.90 NOTE
r-release-linux-x86_64 1.3.0 234.85 256.66 491.51 OK
r-release-macos-arm64 1.3.0 NOTE
r-release-macos-x86_64 1.3.0 NOTE
r-release-windows-ix86+x86_64 1.3.0 732.00 455.00 1187.00 NOTE
r-oldrel-macos-x86_64 1.3.0 NOTE
r-oldrel-windows-ix86+x86_64 1.3.0 557.00 450.00 1007.00 NOTE

Additional issues

rchk

Check Details

Version: 1.3.0
Check: installed package size
Result: NOTE
     installed size is 16.3Mb
     sub-directories of 1Mb or more:
     R 1.0Mb
     libs 14.4Mb
Flavors: r-devel-linux-x86_64-fedora-clang, r-patched-solaris-x86, r-release-macos-arm64, r-release-macos-x86_64, r-release-windows-ix86+x86_64, r-oldrel-macos-x86_64, r-oldrel-windows-ix86+x86_64