Last updated on 2019-02-21 12:02:12 CET.
Flavor | Version | Tinstall | Tcheck | Ttotal | Status | Flags |
---|---|---|---|---|---|---|
r-devel-linux-x86_64-debian-clang | 0.13-1 | 168.31 | 59.08 | 227.39 | OK | |
r-devel-linux-x86_64-debian-gcc | 0.13-1 | 170.91 | 51.70 | 222.61 | OK | |
r-devel-linux-x86_64-fedora-clang | 0.13-1 | 319.51 | NOTE | |||
r-devel-linux-x86_64-fedora-gcc | 0.13-1 | 337.07 | OK | |||
r-devel-windows-ix86+x86_64 | 0.13-1 | 343.00 | 112.00 | 455.00 | OK | |
r-patched-linux-x86_64 | 0.13-1 | OK | ||||
r-patched-solaris-x86 | 0.13-1 | 288.40 | OK | |||
r-release-linux-x86_64 | 0.13-1 | OK | ||||
r-release-windows-ix86+x86_64 | 0.13-1 | 255.00 | 135.00 | 390.00 | OK | |
r-release-osx-x86_64 | 0.13-1 | NOTE | ||||
r-oldrel-windows-ix86+x86_64 | 0.13-1 | 308.00 | 107.00 | 415.00 | OK | |
r-oldrel-osx-x86_64 | 0.13-1 | NOTE |
Version: 0.13-1
Check: installed package size
Result: NOTE
installed size is 48.9Mb
sub-directories of 1Mb or more:
libs 48.3Mb
Flavors: r-devel-linux-x86_64-fedora-clang, r-release-osx-x86_64, r-oldrel-osx-x86_64