CRAN Package Check Results for Package RSpectra

Last updated on 2019-07-16 05:48:31 CEST.

Flavor Version Tinstall Tcheck Ttotal Status Flags
r-devel-linux-x86_64-debian-clang 0.15-0 149.23 57.42 206.65 OK
r-devel-linux-x86_64-debian-gcc 0.15-0 172.75 50.23 222.98 OK
r-devel-linux-x86_64-fedora-clang 0.15-0 308.70 NOTE
r-devel-linux-x86_64-fedora-gcc 0.15-0 362.85 OK
r-devel-windows-ix86+x86_64 0.15-0 346.00 130.00 476.00 OK
r-patched-linux-x86_64 0.15-0 185.62 61.20 246.82 OK
r-patched-solaris-x86 0.15-0 309.00 OK
r-release-linux-x86_64 0.15-0 189.50 61.06 250.56 OK
r-release-windows-ix86+x86_64 0.15-0 277.00 148.00 425.00 OK
r-release-osx-x86_64 0.15-0 NOTE
r-oldrel-windows-ix86+x86_64 0.15-0 335.00 103.00 438.00 OK
r-oldrel-osx-x86_64 0.15-0 NOTE

Check Details

Version: 0.15-0
Check: installed package size
Result: NOTE
     installed size is 43.4Mb
     sub-directories of 1Mb or more:
     libs 42.7Mb
Flavors: r-devel-linux-x86_64-fedora-clang, r-release-osx-x86_64, r-oldrel-osx-x86_64