CRAN Package Check Results for Package RSpectra

Last updated on 2021-04-21 00:48:03 CEST.

Flavor Version Tinstall Tcheck Ttotal Status Flags
r-devel-linux-x86_64-debian-clang 0.16-0 175.46 68.49 243.95 OK
r-devel-linux-x86_64-debian-gcc 0.16-0 152.66 58.55 211.21 OK
r-devel-linux-x86_64-fedora-clang 0.16-0 364.13 NOTE
r-devel-linux-x86_64-fedora-gcc 0.16-0 388.08 OK
r-devel-windows-ix86+x86_64 0.16-0 400.00 107.00 507.00 OK
r-devel-windows-x86_64-gcc10-UCRT 0.16-0 OK
r-patched-linux-x86_64 0.16-0 181.38 70.33 251.71 OK
r-patched-solaris-x86 0.16-0 325.70 OK
r-release-linux-x86_64 0.16-0 180.47 69.99 250.46 OK
r-release-macos-x86_64 0.16-0 NOTE
r-release-windows-ix86+x86_64 0.16-0 388.00 113.00 501.00 OK
r-oldrel-macos-x86_64 0.16-0 NOTE
r-oldrel-windows-ix86+x86_64 0.16-0 292.00 121.00 413.00 OK

Check Details

Version: 0.16-0
Check: installed package size
Result: NOTE
     installed size is 43.3Mb
     sub-directories of 1Mb or more:
     libs 42.6Mb
Flavors: r-devel-linux-x86_64-fedora-clang, r-release-macos-x86_64, r-oldrel-macos-x86_64