CRAN Package Check Results for Package RTD

Last updated on 2019-10-10 05:47:48 CEST.

Flavor Version Tinstall Tcheck Ttotal Status Flags
r-devel-linux-x86_64-debian-clang 0.1.1 3.66 39.98 43.64 OK
r-devel-linux-x86_64-debian-gcc 0.1.1 3.13 31.56 34.69 OK
r-devel-linux-x86_64-fedora-clang 0.1.1 53.49 NOTE
r-devel-linux-x86_64-fedora-gcc 0.1.1 51.51 NOTE
r-devel-windows-ix86+x86_64 0.1.1 11.00 74.00 85.00 OK
r-patched-linux-x86_64 0.1.1 3.04 38.10 41.14 OK
r-patched-solaris-x86 0.1.1 63.60 NOTE
r-release-linux-x86_64 0.1.1 2.33 38.77 41.10 OK
r-release-windows-ix86+x86_64 0.1.1 11.00 45.00 56.00 OK
r-release-osx-x86_64 0.1.1 NOTE
r-oldrel-windows-ix86+x86_64 0.1.1 5.00 45.00 50.00 OK
r-oldrel-osx-x86_64 0.1.1 NOTE

Check Details

Version: 0.1.1
Check: dependencies in R code
Result: NOTE
    Namespace in Imports field not imported from: ‘openssl’
     All declared Imports should be used.
Flavors: r-devel-linux-x86_64-fedora-clang, r-devel-linux-x86_64-fedora-gcc, r-patched-solaris-x86, r-release-osx-x86_64, r-oldrel-osx-x86_64