Last updated on 2024-08-16 11:49:50 CEST.
Flavor | Version | Tinstall | Tcheck | Ttotal | Status | Flags |
---|---|---|---|---|---|---|
r-devel-linux-x86_64-debian-clang | 1.5 | 478.64 | 105.81 | 584.45 | OK | |
r-devel-linux-x86_64-debian-gcc | 1.5 | 402.11 | 73.52 | 475.63 | OK | |
r-devel-linux-x86_64-fedora-clang | 1.5 | 929.40 | NOTE | |||
r-devel-linux-x86_64-fedora-gcc | 1.5 | 1317.55 | OK | |||
r-devel-windows-x86_64 | 1.5 | 453.00 | 220.00 | 673.00 | NOTE | |
r-patched-linux-x86_64 | 1.5 | 528.35 | 99.02 | 627.37 | OK | |
r-release-linux-x86_64 | 1.5 | 530.53 | 99.75 | 630.28 | OK | |
r-release-macos-arm64 | 1.5 | 299.00 | NOTE | |||
r-release-macos-x86_64 | 1.5 | 233.00 | NOTE | |||
r-release-windows-x86_64 | 1.5 | 455.00 | 220.00 | 675.00 | NOTE | |
r-oldrel-macos-arm64 | 1.5 | 276.00 | NOTE | |||
r-oldrel-macos-x86_64 | 1.5 | 321.00 | NOTE | |||
r-oldrel-windows-x86_64 | 1.5 | 608.00 | 272.00 | 880.00 | NOTE |
Version: 1.5
Check: installed package size
Result: NOTE
installed size is 11.9Mb
sub-directories of 1Mb or more:
libs 10.2Mb
Flavors: r-devel-linux-x86_64-fedora-clang, r-devel-windows-x86_64, r-release-macos-arm64, r-release-macos-x86_64, r-release-windows-x86_64, r-oldrel-macos-arm64, r-oldrel-macos-x86_64, r-oldrel-windows-x86_64