CRAN Package Check Results for Package RTest

Last updated on 2019-06-23 11:48:25 CEST.

Flavor Version Tinstall Tcheck Ttotal Status Flags
r-devel-linux-x86_64-debian-clang 1.2.4 13.98 93.82 107.80 OK
r-devel-linux-x86_64-debian-gcc 1.2.4 10.47 74.05 84.52 OK
r-devel-linux-x86_64-fedora-clang 1.2.4 136.79 OK
r-devel-linux-x86_64-fedora-gcc 1.2.4 128.79 OK
r-devel-windows-ix86+x86_64 1.2.4 27.00 178.00 205.00 OK
r-patched-linux-x86_64 1.2.4 13.80 93.92 107.72 OK
r-patched-solaris-x86 1.2.4 219.50 OK
r-release-linux-x86_64 1.2.4 14.65 94.86 109.51 OK
r-release-windows-ix86+x86_64 1.2.4 17.00 193.00 210.00 OK
r-release-osx-x86_64 1.2.4 ERROR
r-oldrel-windows-ix86+x86_64 1.2.4 14.00 163.00 177.00 OK
r-oldrel-osx-x86_64 1.2.4 ERROR

Check Details

Version: 1.2.4
Check: tests
Result: ERROR
     Running ‘run_test.R’ [8s/8s]
    Running the tests in ‘tests/run_test.R’ failed.
    Complete output:
     > all_files <- list.files("testthat",full.names=T,pattern="*.R$")
     >
     > sapply(all_files,source)
     Loading required package: magick
     Linking to ImageMagick 6.9.9.39
     Enabled features: cairo, fontconfig, freetype, lcms, pango, rsvg, webp
     Disabled features: fftw, ghostscript, x11
     Loading required package: XML
     Error: Test failed: 'RTestCollection write HTML summary errors'
     * `writeExecSummary.html(...)` produced warnings.
     * `writeExecSummary.html(...)` produced warnings.
     Execution halted
Flavors: r-release-osx-x86_64, r-oldrel-osx-x86_64