CRAN Package Check Results for Package RTest

Last updated on 2019-09-22 05:46:22 CEST.

Flavor Version Tinstall Tcheck Ttotal Status Flags
r-devel-linux-x86_64-debian-clang 1.2.4 13.36 93.39 106.75 OK
r-devel-linux-x86_64-debian-gcc 1.2.4 10.62 72.98 83.60 OK
r-devel-linux-x86_64-fedora-clang 1.2.4 139.93 OK
r-devel-linux-x86_64-fedora-gcc 1.2.4 130.72 OK
r-devel-windows-ix86+x86_64 1.2.4 30.00 124.00 154.00 OK
r-patched-linux-x86_64 1.2.4 14.00 92.74 106.74 OK
r-patched-solaris-x86 1.2.4 188.00 OK
r-release-linux-x86_64 1.2.4 13.13 93.12 106.25 OK
r-release-windows-ix86+x86_64 1.2.4 19.00 121.00 140.00 OK
r-release-osx-x86_64 1.2.4 ERROR
r-oldrel-windows-ix86+x86_64 1.2.4 14.00 129.00 143.00 OK
r-oldrel-osx-x86_64 1.2.4 ERROR

Check Details

Version: 1.2.4
Check: tests
Result: ERROR
     Running ‘run_test.R’ [8s/8s]
    Running the tests in ‘tests/run_test.R’ failed.
    Complete output:
     > all_files <- list.files("testthat",full.names=T,pattern="*.R$")
     >
     > sapply(all_files,source)
     Loading required package: magick
     Linking to ImageMagick 6.9.9.39
     Enabled features: cairo, fontconfig, freetype, lcms, pango, rsvg, webp
     Disabled features: fftw, ghostscript, x11
     Loading required package: XML
     Error: Test failed: 'RTestCollection write HTML summary errors'
     * `writeExecSummary.html(...)` produced warnings.
     * `writeExecSummary.html(...)` produced warnings.
     Execution halted
Flavor: r-release-osx-x86_64

Version: 1.2.4
Check: dependencies in R code
Result: NOTE
    No protocol specified
    No protocol specified
Flavor: r-oldrel-osx-x86_64

Version: 1.2.4
Check: S3 generic/method consistency
Result: WARN
    No protocol specified
    No protocol specified
    See section ‘Generic functions and methods’ in the ‘Writing R
    Extensions’ manual.
Flavor: r-oldrel-osx-x86_64

Version: 1.2.4
Check: replacement functions
Result: WARN
    No protocol specified
    No protocol specified
    The argument of a replacement function which corresponds to the right
    hand side must be named ‘value’.
Flavor: r-oldrel-osx-x86_64

Version: 1.2.4
Check: foreign function calls
Result: NOTE
    No protocol specified
    No protocol specified
    See chapter ‘System and foreign language interfaces’ in the ‘Writing R
    Extensions’ manual.
Flavor: r-oldrel-osx-x86_64

Version: 1.2.4
Check: R code for possible problems
Result: NOTE
    No protocol specified
    No protocol specified
Flavor: r-oldrel-osx-x86_64

Version: 1.2.4
Check: for missing documentation entries
Result: WARN
    No protocol specified
    No protocol specified
    All user-level objects in a package should have documentation entries.
    See chapter ‘Writing R documentation files’ in the ‘Writing R
    Extensions’ manual.
Flavor: r-oldrel-osx-x86_64

Version: 1.2.4
Check: for code/documentation mismatches
Result: WARN
    No protocol specified
    No protocol specified
    No protocol specified
    No protocol specified
    No protocol specified
    No protocol specified
Flavor: r-oldrel-osx-x86_64

Version: 1.2.4
Check: Rd \usage sections
Result: NOTE
    No protocol specified
    No protocol specified
    The \usage entries for S3 methods should use the \method markup and not
    their full name.
    See chapter ‘Writing R documentation files’ in the ‘Writing R
    Extensions’ manual.
Flavor: r-oldrel-osx-x86_64

Version: 1.2.4
Check: tests
Result: ERROR
     Running ‘run_test.R’ [8s/8s]
    Running the tests in ‘tests/run_test.R’ failed.
    Last 13 lines of output:
     >
     > sapply(all_files,source)
     Loading required package: magick
     Linking to ImageMagick 6.9.9.39
     Enabled features: cairo, fontconfig, freetype, lcms, pango, rsvg, webp
     Disabled features: fftw, ghostscript, x11
     Loading required package: XML
     No protocol specified
     No protocol specified
     Error: Test failed: 'RTestCollection write HTML summary errors'
     * `writeExecSummary.html(...)` produced warnings.
     * `writeExecSummary.html(...)` produced warnings.
     In addition: Warning message:
     In fun(libname, pkgname) : couldn't connect to display ":0"
     Execution halted
Flavor: r-oldrel-osx-x86_64