CRAN Package Check Results for Package RUnit

Last updated on 2024-02-28 12:08:46 CET.

Flavor Version Tinstall Tcheck Ttotal Status Flags
r-devel-linux-x86_64-debian-clang 0.4.33 3.41 39.09 42.50 OK
r-devel-linux-x86_64-debian-gcc 0.4.33 2.78 30.17 32.95 OK
r-devel-linux-x86_64-fedora-clang 0.4.33 56.44 OK
r-devel-linux-x86_64-fedora-gcc 0.4.33 67.57 OK
r-devel-windows-x86_64 0.4.32 5.00 64.00 69.00 NOTE
r-patched-linux-x86_64 0.4.32 5.26 38.50 43.76 NOTE
r-release-linux-x86_64 0.4.33 3.12 38.90 42.02 OK
r-release-macos-arm64 0.4.33 52.00 OK
r-release-macos-x86_64 0.4.33 65.00 OK
r-release-windows-x86_64 0.4.33 9.00 66.00 75.00 OK
r-oldrel-macos-arm64 0.4.33 26.00 OK
r-oldrel-windows-x86_64 0.4.33 9.00 69.00 78.00 OK

Check Details

Version: 0.4.32
Check: Rd files
Result: NOTE checkRd: (-1) tracker.Rd:70: Escaped LaTeX specials: \& checkRd: (-1) tracker.Rd:73: Escaped LaTeX specials: \& Flavors: r-devel-windows-x86_64, r-patched-linux-x86_64

Version: 0.4.32
Check: Rd \usage sections
Result: NOTE S3 methods shown with full name in Rd file 'printHTML.trackinfo.Rd': 'printHTML.trackInfo' The \usage entries for S3 methods should use the \method markup and not their full name. See chapter 'Writing R documentation files' in the 'Writing R Extensions' manual. Flavor: r-devel-windows-x86_64

Version: 0.4.32
Check: Rd \usage sections
Result: NOTE S3 methods shown with full name in documentation object 'printHTML.trackInfo': ‘printHTML.trackInfo’ The \usage entries for S3 methods should use the \method markup and not their full name. See chapter ‘Writing R documentation files’ in the ‘Writing R Extensions’ manual. Flavor: r-patched-linux-x86_64

Version: 0.4.32
Check: for non-standard things in the check directory
Result: NOTE Found the following files/directories: ‘results’ Flavor: r-patched-linux-x86_64