CRAN Package Check Results for Package RVA

Last updated on 2024-04-23 11:55:57 CEST.

Flavor Version Tinstall Tcheck Ttotal Status Flags
r-devel-linux-x86_64-debian-clang 0.0.5 0.98 2.29 3.27 ERROR
r-devel-linux-x86_64-debian-gcc 0.0.5 1.85 1.85 ERROR
r-devel-linux-x86_64-fedora-clang 0.0.5 769.65 NOTE
r-devel-linux-x86_64-fedora-gcc 0.0.5 722.39 NOTE
r-prerel-macos-arm64 0.0.5 5.00 ERROR
r-prerel-macos-x86_64 0.0.5 362.00 OK
r-prerel-windows-x86_64 0.0.5 49.00 375.00 424.00 OK
r-patched-linux-x86_64 0.0.5 39.78 494.70 534.48 OK
r-release-linux-x86_64 0.0.5 45.11 500.50 545.61 OK
r-release-macos-arm64 0.0.5 11.00 ERROR
r-release-macos-x86_64 0.0.5 8.00 ERROR
r-release-windows-x86_64 0.0.5 63.00 478.00 541.00 OK
r-oldrel-macos-arm64 0.0.5 11.00 ERROR
r-oldrel-windows-x86_64 0.0.5 59.00 452.00 511.00 OK

Check Details

Version: 0.0.5
Check: package dependencies
Result: ERROR Packages required but not available: 'GSVAdata', 'clusterProfiler', 'org.Hs.eg.db', 'GSEABase' See section ‘The DESCRIPTION file’ in the ‘Writing R Extensions’ manual. Flavor: r-devel-linux-x86_64-debian-clang

Version: 0.0.5
Check: package dependencies
Result: ERROR Packages required but not available: 'GSVAdata', 'GSEABase' See section ‘The DESCRIPTION file’ in the ‘Writing R Extensions’ manual. Flavor: r-devel-linux-x86_64-debian-gcc

Version: 0.0.5
Check: package dependencies
Result: NOTE Imports includes 22 non-default packages. Importing from so many packages makes the package vulnerable to any of them becoming unavailable. Move as many as possible to Suggests and use conditionally. Flavor: r-devel-linux-x86_64-fedora-clang

Version: 0.0.5
Check: dependencies in R code
Result: NOTE Namespace in Imports field not imported from: ‘XML’ All declared Imports should be used. Flavors: r-devel-linux-x86_64-fedora-clang, r-devel-linux-x86_64-fedora-gcc

Version: 0.0.5
Check: package dependencies
Result: ERROR Package required but not available: ‘rWikiPathways’ See section ‘The DESCRIPTION file’ in the ‘Writing R Extensions’ manual. Flavors: r-prerel-macos-arm64, r-oldrel-macos-arm64

Version: 0.0.5
Check: package dependencies
Result: ERROR Package required but not available: ‘GSVAdata’ See section ‘The DESCRIPTION file’ in the ‘Writing R Extensions’ manual. Flavors: r-release-macos-arm64, r-release-macos-x86_64