CRAN Package Check Results for Package RWekajars

Last updated on 2024-06-15 05:49:25 CEST.

Flavor Version Tinstall Tcheck Ttotal Status Flags
r-devel-linux-x86_64-debian-clang 3.9.3-2 6.29 28.54 34.83 OK
r-devel-linux-x86_64-debian-gcc 3.9.3-2 3.86 21.93 25.79 OK
r-devel-linux-x86_64-fedora-clang 3.9.3-2 42.80 NOTE
r-devel-linux-x86_64-fedora-gcc 3.9.3-2 42.09 OK
r-devel-windows-x86_64 3.9.3-2 4.00 33.00 37.00 NOTE
r-patched-linux-x86_64 3.9.3-2 5.42 28.61 34.03 OK
r-release-linux-x86_64 3.9.3-2 5.60 28.63 34.23 OK
r-release-macos-arm64 3.9.3-2 18.00 NOTE
r-release-macos-x86_64 3.9.3-2 27.00 NOTE
r-release-windows-x86_64 3.9.3-2 4.00 33.00 37.00 NOTE
r-oldrel-macos-arm64 3.9.3-2 20.00 NOTE
r-oldrel-macos-x86_64 3.9.3-2 28.00 NOTE
r-oldrel-windows-x86_64 3.9.3-2 7.00 39.00 46.00 NOTE

Check Details

Version: 3.9.3-2
Check: installed package size
Result: NOTE installed size is 10.8Mb sub-directories of 1Mb or more: java 10.7Mb Flavors: r-devel-linux-x86_64-fedora-clang, r-devel-windows-x86_64, r-release-macos-arm64, r-release-macos-x86_64, r-release-windows-x86_64, r-oldrel-macos-arm64, r-oldrel-macos-x86_64, r-oldrel-windows-x86_64