Last updated on 2023-12-11 05:52:07 CET.
Flavor | Version | Tinstall | Tcheck | Ttotal | Status | Flags |
---|---|---|---|---|---|---|
r-devel-linux-x86_64-debian-clang | 5.0.5 | 10.58 | 76.37 | 86.95 | NOTE | |
r-devel-linux-x86_64-debian-gcc | 5.0.5 | 7.14 | 58.21 | 65.35 | NOTE | |
r-devel-linux-x86_64-fedora-clang | 5.0.5 | 104.44 | OK | |||
r-devel-linux-x86_64-fedora-gcc | 5.0.5 | 122.70 | OK | |||
r-devel-windows-x86_64 | 5.0.5 | 10.00 | 83.00 | 93.00 | OK | |
r-patched-linux-x86_64 | 5.0.5 | 6.86 | 74.71 | 81.57 | OK | |
r-release-linux-x86_64 | 5.0.5 | 5.26 | 75.17 | 80.43 | OK | |
r-release-macos-arm64 | 5.0.5 | 58.00 | OK | |||
r-release-macos-x86_64 | 5.0.5 | 73.00 | NOTE | |||
r-release-windows-x86_64 | 5.0.5 | 12.00 | 93.00 | 105.00 | OK | |
r-oldrel-macos-arm64 | 5.0.5 | 44.00 | OK | |||
r-oldrel-macos-x86_64 | 5.0.5 | 58.00 | OK | |||
r-oldrel-windows-x86_64 | 5.0.5 | 11.00 | 90.00 | 101.00 | OK |
Version: 5.0.5
Check: Rd files
Result: NOTE
checkRd: (-1) s_crandb_tvdb.Rd:63: Lost braces in \itemize; \value handles \item{}{} directly
checkRd: (-1) s_crandb_tvdb.Rd:64: Lost braces in \itemize; \value handles \item{}{} directly
checkRd: (-1) s_crandb_tvdb.Rd:65: Lost braces in \itemize; \value handles \item{}{} directly
checkRd: (-1) s_crandb_tvdb.Rd:66: Lost braces in \itemize; \value handles \item{}{} directly
checkRd: (-1) s_crandb_tvdb.Rd:67: Lost braces in \itemize; \value handles \item{}{} directly
checkRd: (-1) s_crandb_tvdb.Rd:68: Lost braces in \itemize; \value handles \item{}{} directly
checkRd: (-1) s_crandb_tvdb.Rd:69: Lost braces in \itemize; \value handles \item{}{} directly
Flavors: r-devel-linux-x86_64-debian-clang, r-devel-linux-x86_64-debian-gcc
Version: 5.0.5
Check: package dependencies
Result: NOTE
Package suggested but not available for checking: ‘cranly’
Flavor: r-release-macos-x86_64