CRAN Package Check Results for Package RZabbix

Last updated on 2024-05-29 05:59:32 CEST.

Flavor Version Tinstall Tcheck Ttotal Status Flags
r-devel-linux-x86_64-debian-clang 0.1.0 1.86 22.87 24.73 NOTE
r-devel-linux-x86_64-debian-gcc 0.1.0 1.66 18.36 20.02 NOTE
r-devel-linux-x86_64-fedora-clang 0.1.0 32.31 NOTE
r-devel-linux-x86_64-fedora-gcc 0.1.0 31.10 NOTE
r-devel-windows-x86_64 0.1.0 3.00 40.00 43.00 NOTE
r-patched-linux-x86_64 0.1.0 6.05 22.16 28.21 NOTE
r-release-linux-x86_64 0.1.0 1.97 22.35 24.32 NOTE
r-release-macos-arm64 0.1.0 13.00 NOTE
r-release-windows-x86_64 0.1.0 3.00 39.00 42.00 NOTE
r-oldrel-macos-arm64 0.1.0 15.00 NOTE
r-oldrel-macos-x86_64 0.1.0 18.00 NOTE
r-oldrel-windows-x86_64 0.1.0 3.00 40.00 43.00 NOTE

Check Details

Version: 0.1.0
Check: LazyData
Result: NOTE 'LazyData' is specified without a 'data' directory Flavors: r-devel-linux-x86_64-debian-clang, r-devel-linux-x86_64-debian-gcc, r-devel-linux-x86_64-fedora-clang, r-devel-linux-x86_64-fedora-gcc, r-devel-windows-x86_64, r-patched-linux-x86_64, r-release-linux-x86_64, r-release-macos-arm64, r-release-windows-x86_64, r-oldrel-macos-arm64, r-oldrel-macos-x86_64, r-oldrel-windows-x86_64