CRAN Package Check Results for Package RZooRoH

Last updated on 2022-10-07 05:52:08 CEST.

Flavor Version Tinstall Tcheck Ttotal Status Flags
r-devel-linux-x86_64-debian-clang 0.3.1 11.65 89.47 101.12 OK
r-devel-linux-x86_64-debian-gcc 0.3.1 9.96 67.06 77.02 NOTE
r-devel-linux-x86_64-fedora-clang 0.3.1 135.10 OK
r-devel-linux-x86_64-fedora-gcc 0.3.1 133.16 OK
r-devel-windows-x86_64 0.3.1 39.00 155.00 194.00 OK
r-patched-linux-x86_64 0.3.1 10.92 84.62 95.54 OK
r-release-linux-x86_64 0.3.1 10.67 83.87 94.54 OK
r-release-macos-arm64 0.3.1 44.00 OK
r-release-macos-x86_64 0.3.1 52.00 OK
r-release-windows-x86_64 0.3.1 34.00 155.00 189.00 OK
r-oldrel-macos-arm64 0.3.1 45.00 OK
r-oldrel-macos-x86_64 0.3.1 60.00 OK
r-oldrel-windows-ix86+x86_64 0.3.1 32.00 191.00 223.00 NOTE

Check Details

Version: 0.3.1
Check: compilation flags used
Result: NOTE
    Compilation used the following non-portable flag(s):
     ‘-Wstrict-prototypes’
Flavor: r-devel-linux-x86_64-debian-gcc

Version: 0.3.1
Check: installed package size
Result: NOTE
     installed size is 5.0Mb
     sub-directories of 1Mb or more:
     exdata 2.4Mb
Flavor: r-oldrel-windows-ix86+x86_64