Last updated on 2025-01-13 17:50:37 CET.
Flavor | Version | Tinstall | Tcheck | Ttotal | Status | Flags |
---|---|---|---|---|---|---|
r-devel-linux-x86_64-debian-clang | 1.4.3 | 6.14 | 167.81 | 173.95 | OK | |
r-devel-linux-x86_64-debian-gcc | 1.4.3 | 4.45 | 116.41 | 120.86 | OK | |
r-devel-linux-x86_64-fedora-clang | 1.4.3 | 269.77 | OK | |||
r-devel-linux-x86_64-fedora-gcc | 1.4.3 | 271.11 | OK | |||
r-devel-windows-x86_64 | 1.4.3 | 9.00 | 186.00 | 195.00 | OK | |
r-patched-linux-x86_64 | 1.4.3 | 6.33 | 148.53 | 154.86 | OK | |
r-release-linux-x86_64 | 1.4.3 | 4.76 | 149.39 | 154.15 | OK | |
r-release-macos-arm64 | 1.4.3 | 98.00 | OK | |||
r-release-macos-x86_64 | 1.4.3 | 171.00 | OK | |||
r-release-windows-x86_64 | 1.4.3 | 7.00 | 212.00 | 219.00 | OK | |
r-oldrel-macos-arm64 | 1.4.3 | 91.00 | NOTE | |||
r-oldrel-macos-x86_64 | 1.4.3 | 166.00 | NOTE | |||
r-oldrel-windows-x86_64 | 1.4.3 | 9.00 | 218.00 | 227.00 | OK |
Version: 1.4.3
Check: package dependencies
Result: NOTE
Package suggested but not available for checking: ‘Spectra’
Flavors: r-oldrel-macos-arm64, r-oldrel-macos-x86_64