CRAN Package Check Results for Package RagGrid

Last updated on 2020-11-27 17:49:23 CET.

Flavor Version Tinstall Tcheck Ttotal Status Flags
r-devel-linux-x86_64-debian-clang 0.2.0 3.42 23.96 27.38 OK
r-devel-linux-x86_64-debian-gcc 0.2.0 2.59 18.93 21.52 OK
r-devel-linux-x86_64-fedora-clang 0.2.0 39.34 NOTE
r-devel-linux-x86_64-fedora-gcc 0.2.0 28.59 NOTE
r-devel-windows-ix86+x86_64 0.2.0 6.00 36.00 42.00 OK
r-patched-linux-x86_64 0.2.0 3.04 22.84 25.88 OK
r-patched-solaris-x86 0.2.0 48.00 NOTE
r-release-linux-x86_64 0.2.0 3.28 22.25 25.53 OK
r-release-macos-x86_64 0.2.0 NOTE
r-release-windows-ix86+x86_64 0.2.0 6.00 30.00 36.00 OK
r-oldrel-macos-x86_64 0.2.0 NOTE
r-oldrel-windows-ix86+x86_64 0.2.0 4.00 29.00 33.00 OK

Check Details

Version: 0.2.0
Check: dependencies in R code
Result: NOTE
    Namespace in Imports field not imported from: ‘knitr’
     All declared Imports should be used.
Flavors: r-devel-linux-x86_64-fedora-clang, r-devel-linux-x86_64-fedora-gcc, r-patched-solaris-x86, r-release-macos-x86_64, r-oldrel-macos-x86_64