Last updated on 2024-05-09 23:07:33 CEST.
Flavor | Version | Tinstall | Tcheck | Ttotal | Status | Flags |
---|---|---|---|---|---|---|
r-devel-linux-x86_64-debian-clang | 0.2.2 | 13.41 | 130.23 | 143.64 | NOTE | |
r-devel-linux-x86_64-debian-gcc | 0.2.2 | 12.32 | 95.63 | 107.95 | NOTE | |
r-devel-linux-x86_64-fedora-clang | 0.2.2 | 176.46 | NOTE | |||
r-devel-linux-x86_64-fedora-gcc | 0.2.2 | 244.66 | NOTE | |||
r-devel-windows-x86_64 | 0.2.2 | 13.00 | 113.00 | 126.00 | NOTE | |
r-patched-linux-x86_64 | 0.2.2 | 10.97 | 122.77 | 133.74 | NOTE | |
r-release-linux-x86_64 | 0.2.2 | 10.09 | 121.57 | 131.66 | NOTE | |
r-release-macos-arm64 | 0.2.2 | 51.00 | NOTE | |||
r-release-windows-x86_64 | 0.2.2 | 12.00 | 105.00 | 117.00 | NOTE | |
r-oldrel-macos-arm64 | 0.2.2 | 53.00 | NOTE | |||
r-oldrel-macos-x86_64 | 0.2.2 | 90.00 | NOTE | |||
r-oldrel-windows-x86_64 | 0.2.2 | 19.00 | 119.00 | 138.00 | NOTE |
Version: 0.2.2
Check: LazyData
Result: NOTE
'LazyData' is specified without a 'data' directory
Flavors: r-devel-linux-x86_64-debian-clang, r-devel-linux-x86_64-debian-gcc, r-devel-linux-x86_64-fedora-clang, r-devel-linux-x86_64-fedora-gcc, r-devel-windows-x86_64, r-patched-linux-x86_64, r-release-linux-x86_64, r-release-macos-arm64, r-release-windows-x86_64, r-oldrel-macos-arm64, r-oldrel-macos-x86_64, r-oldrel-windows-x86_64