CRAN Package Check Results for Package RandomCoefficients

Last updated on 2022-01-22 05:10:28 CET.

Flavor Version Tinstall Tcheck Ttotal Status Flags
r-devel-linux-x86_64-debian-clang 0.0.2 9.58 106.88 116.46 NOTE
r-devel-linux-x86_64-debian-gcc 0.0.2 8.70 83.41 92.11 NOTE
r-devel-linux-x86_64-fedora-clang 0.0.2 144.21 NOTE
r-devel-linux-x86_64-fedora-gcc 0.0.2 133.14 NOTE
r-devel-windows-x86_64-new-UL 0.0.2 46.00 153.00 199.00 NOTE
r-devel-windows-x86_64-new-TK 0.0.2 NOTE
r-patched-linux-x86_64 0.0.2 11.02 104.50 115.52 NOTE
r-release-linux-x86_64 0.0.2 8.13 102.71 110.84 NOTE
r-release-macos-arm64 0.0.2 NOTE
r-release-macos-x86_64 0.0.2 NOTE
r-release-windows-ix86+x86_64 0.0.2 27.00 131.00 158.00 NOTE
r-oldrel-macos-x86_64 0.0.2 OK
r-oldrel-windows-ix86+x86_64 0.0.2 23.00 140.00 163.00 OK

Check Details

Version: 0.0.2
Check: LazyData
Result: NOTE
     'LazyData' is specified without a 'data' directory
Flavors: r-devel-linux-x86_64-debian-clang, r-devel-linux-x86_64-debian-gcc, r-devel-linux-x86_64-fedora-clang, r-devel-linux-x86_64-fedora-gcc, r-devel-windows-x86_64-new-UL, r-devel-windows-x86_64-new-TK, r-patched-linux-x86_64, r-release-linux-x86_64, r-release-macos-arm64, r-release-macos-x86_64, r-release-windows-ix86+x86_64