CRAN Package Check Results for Package RaschSampler

Last updated on 2019-05-23 05:49:12 CEST.

Flavor Version Tinstall Tcheck Ttotal Status Flags
r-devel-linux-x86_64-debian-clang 0.8-8 3.17 21.57 24.74 OK
r-devel-linux-x86_64-debian-gcc 0.8-8 2.67 17.54 20.21 OK
r-devel-linux-x86_64-fedora-clang 0.8-8 30.66 NOTE
r-devel-linux-x86_64-fedora-gcc 0.8-8 31.08 NOTE
r-devel-windows-ix86+x86_64 0.8-8 96.00 61.00 157.00 OK
r-patched-linux-x86_64 0.8-8 3.29 21.68 24.97 OK
r-patched-solaris-x86 0.8-8 49.00 OK
r-release-linux-x86_64 0.8-8 3.14 21.81 24.95 OK
r-release-windows-ix86+x86_64 0.8-8 18.00 54.00 72.00 OK
r-release-osx-x86_64 0.8-8 OK
r-oldrel-windows-ix86+x86_64 0.8-8 8.00 38.00 46.00 OK
r-oldrel-osx-x86_64 0.8-8 OK

Check Details

Version: 0.8-8
Check: compiled code
Result: NOTE
    File ‘RaschSampler/libs/RaschSampler.so’:
     Found no calls to: ‘R_registerRoutines’, ‘R_useDynamicSymbols’
    
    It is good practice to register native routines and to disable symbol
    search.
    
    See ‘Writing portable packages’ in the ‘Writing R Extensions’ manual.
Flavors: r-devel-linux-x86_64-fedora-clang, r-devel-linux-x86_64-fedora-gcc