CRAN Package Check Results for Package RaschSampler

Last updated on 2022-11-27 11:55:57 CET.

Flavor Version Tinstall Tcheck Ttotal Status Flags
r-devel-linux-x86_64-debian-clang 0.8-8 4.22 28.69 32.91 OK
r-devel-linux-x86_64-debian-gcc 0.8-8 3.47 22.18 25.65 OK
r-devel-linux-x86_64-fedora-clang 0.8-8 51.52 NOTE
r-devel-linux-x86_64-fedora-gcc 0.8-8 50.07 NOTE
r-devel-windows-x86_64 0.8-8 24.00 62.00 86.00 OK
r-patched-linux-x86_64 0.8-8 4.66 26.26 30.92 OK
r-release-linux-x86_64 0.8-8 3.50 26.66 30.16 OK
r-release-macos-arm64 0.8-8 19.00 OK
r-release-macos-x86_64 0.8-8 25.00 OK
r-release-windows-x86_64 0.8-8 10.00 55.00 65.00 OK
r-oldrel-macos-arm64 0.8-8 22.00 OK
r-oldrel-macos-x86_64 0.8-8 27.00 OK
r-oldrel-windows-ix86+x86_64 0.8-8 12.00 50.00 62.00 OK

Check Details

Version: 0.8-8
Check: compiled code
Result: NOTE
    File ‘RaschSampler/libs/RaschSampler.so’:
     Found no calls to: ‘R_registerRoutines’, ‘R_useDynamicSymbols’
    
    It is good practice to register native routines and to disable symbol
    search.
    
    See ‘Writing portable packages’ in the ‘Writing R Extensions’ manual.
Flavors: r-devel-linux-x86_64-fedora-clang, r-devel-linux-x86_64-fedora-gcc