CRAN Package Check Results for Package RaschSampler

Last updated on 2019-03-23 17:48:14 CET.

Flavor Version Tinstall Tcheck Ttotal Status Flags
r-devel-linux-x86_64-debian-clang 0.8-8 3.33 21.67 25.00 OK
r-devel-linux-x86_64-debian-gcc 0.8-8 2.72 17.52 20.24 OK
r-devel-linux-x86_64-fedora-clang 0.8-8 30.84 NOTE
r-devel-linux-x86_64-fedora-gcc 0.8-8 29.64 NOTE
r-devel-windows-ix86+x86_64 0.8-8 22.00 55.00 77.00 OK
r-patched-linux-x86_64 0.8-8 2.79 19.89 22.68 OK
r-patched-solaris-x86 0.8-8 44.40 OK
r-release-linux-x86_64 0.8-8 0.35 2.02 2.37 ERROR
r-release-windows-ix86+x86_64 0.8-8 8.00 38.00 46.00 OK
r-release-osx-x86_64 0.8-8 OK
r-oldrel-windows-ix86+x86_64 0.8-8 9.00 38.00 47.00 OK
r-oldrel-osx-x86_64 0.8-8 OK

Check Details

Version: 0.8-8
Check: compiled code
Result: NOTE
    File ‘RaschSampler/libs/RaschSampler.so’:
     Found no calls to: ‘R_registerRoutines’, ‘R_useDynamicSymbols’
    
    It is good practice to register native routines and to disable symbol
    search.
    
    See ‘Writing portable packages’ in the ‘Writing R Extensions’ manual.
Flavors: r-devel-linux-x86_64-fedora-clang, r-devel-linux-x86_64-fedora-gcc

Version: 0.8-8
Check: whether package can be installed
Result: ERROR
    Installation failed.
Flavor: r-release-linux-x86_64