CRAN Package Check Results for Package Ravages

Last updated on 2022-10-07 17:52:11 CEST.

Flavor Version Tinstall Tcheck Ttotal Status Flags
r-devel-linux-x86_64-debian-clang 1.1.0 320.85 188.29 509.14 OK
r-devel-linux-x86_64-debian-gcc 1.1.0 268.18 143.69 411.87 NOTE
r-devel-linux-x86_64-fedora-clang 1.1.0 814.84 WARN
r-devel-linux-x86_64-fedora-gcc 1.1.0 726.08 OK
r-devel-windows-x86_64 1.1.0 284.00 247.00 531.00 NOTE
r-patched-linux-x86_64 1.1.0 232.77 188.25 421.02 OK
r-release-linux-x86_64 1.1.0 243.74 183.79 427.53 OK
r-release-macos-arm64 1.1.0 192.00 NOTE
r-release-macos-x86_64 1.1.0 232.00 NOTE
r-release-windows-x86_64 1.1.0 314.00 245.00 559.00 NOTE
r-oldrel-macos-arm64 1.1.0 172.00 NOTE
r-oldrel-macos-x86_64 1.1.0 241.00 NOTE
r-oldrel-windows-ix86+x86_64 1.1.0 778.00 318.00 1096.00 NOTE

Additional issues

clang15 clang15

Check Details

Version: 1.1.0
Check: compilation flags used
Result: NOTE
    Compilation used the following non-portable flag(s):
     ‘-Wstrict-prototypes’
Flavor: r-devel-linux-x86_64-debian-gcc

Version: 1.1.0
Check: whether package can be installed
Result: WARN
    Found the following significant warnings:
     rbm_haplos_thresholds_filling.cpp:14:19: warning: invalid UTF-8 in comment [-Winvalid-utf8]
     rbm_haplos_thresholds_filling.cpp:14:27: warning: invalid UTF-8 in comment [-Winvalid-utf8]
     rbm_haplos_thresholds_filling.cpp:49:34: warning: invalid UTF-8 in comment [-Winvalid-utf8]
Flavor: r-devel-linux-x86_64-fedora-clang

Version: 1.1.0
Check: installed package size
Result: NOTE
     installed size is 5.6Mb
     sub-directories of 1Mb or more:
     data 3.9Mb
Flavors: r-devel-linux-x86_64-fedora-clang, r-devel-windows-x86_64, r-release-macos-arm64, r-release-macos-x86_64, r-release-windows-x86_64, r-oldrel-macos-arm64, r-oldrel-macos-x86_64, r-oldrel-windows-ix86+x86_64