Last updated on 2024-08-16 11:49:49 CEST.
Flavor | Version | Tinstall | Tcheck | Ttotal | Status | Flags |
---|---|---|---|---|---|---|
r-devel-linux-x86_64-debian-clang | 1.1.3 | 204.13 | 137.40 | 341.53 | NOTE | |
r-devel-linux-x86_64-debian-gcc | 1.1.3 | 168.74 | 103.52 | 272.26 | NOTE | |
r-devel-linux-x86_64-fedora-clang | 1.1.3 | 643.03 | NOTE | |||
r-devel-linux-x86_64-fedora-gcc | 1.1.3 | 723.11 | NOTE | |||
r-devel-windows-x86_64 | 1.1.3 | 228.00 | 190.00 | 418.00 | NOTE | |
r-patched-linux-x86_64 | 1.1.3 | 225.71 | 141.19 | 366.90 | NOTE | |
r-release-linux-x86_64 | 1.1.3 | 224.19 | 144.50 | 368.69 | NOTE | |
r-release-macos-arm64 | 1.1.3 | 179.00 | NOTE | |||
r-release-macos-x86_64 | 1.1.3 | 238.00 | NOTE | |||
r-release-windows-x86_64 | 1.1.3 | 235.00 | 189.00 | 424.00 | NOTE | |
r-oldrel-macos-arm64 | 1.1.3 | 218.00 | NOTE | |||
r-oldrel-macos-x86_64 | 1.1.3 | 349.00 | NOTE | |||
r-oldrel-windows-x86_64 | 1.1.3 | 287.00 | 234.00 | 521.00 | NOTE |
Version: 1.1.3
Check: Rd files
Result: NOTE
checkRd: (-1) rbm.haplos.power.Rd:35: Lost braces; missing escapes or markup?
35 | \item{simus.haplos}{ Which method to simulate the data, if \code{simus.haplos="freqs"}, {rbm.haplos.freqs()} is used, otherwise \code{rbm.haplos.thresholds()} is used.}
| ^
Flavors: r-devel-linux-x86_64-debian-clang, r-devel-linux-x86_64-debian-gcc, r-devel-linux-x86_64-fedora-clang, r-devel-linux-x86_64-fedora-gcc, r-devel-windows-x86_64, r-patched-linux-x86_64, r-release-linux-x86_64, r-release-macos-arm64, r-release-macos-x86_64, r-release-windows-x86_64
Version: 1.1.3
Check: installed package size
Result: NOTE
installed size is 5.7Mb
sub-directories of 1Mb or more:
data 3.9Mb
Flavors: r-devel-linux-x86_64-fedora-clang, r-devel-windows-x86_64, r-release-macos-arm64, r-release-macos-x86_64, r-release-windows-x86_64, r-oldrel-macos-arm64, r-oldrel-macos-x86_64, r-oldrel-windows-x86_64