Last updated on 2024-04-23 17:49:43 CEST.
Flavor | Version | Tinstall | Tcheck | Ttotal | Status | Flags |
---|---|---|---|---|---|---|
r-devel-linux-x86_64-debian-clang | 0.3.14 | 158.54 | 37.17 | 195.71 | NOTE | |
r-devel-linux-x86_64-debian-gcc | 0.3.14 | 126.56 | 27.98 | 154.54 | NOTE | |
r-devel-linux-x86_64-fedora-clang | 0.3.14 | 301.10 | NOTE | |||
r-devel-linux-x86_64-fedora-gcc | 0.3.14 | 307.01 | NOTE | |||
r-prerel-macos-arm64 | 0.3.14 | 7.00 | ERROR | |||
r-prerel-windows-x86_64 | 0.3.14 | 120.00 | 161.00 | 281.00 | NOTE | |
r-patched-linux-x86_64 | 0.3.14 | 164.94 | 36.45 | 201.39 | NOTE | |
r-release-linux-x86_64 | 0.3.14 | 161.17 | 34.74 | 195.91 | NOTE | |
r-release-macos-arm64 | 0.3.14 | 13.00 | ERROR | |||
r-release-macos-x86_64 | 0.3.14 | 130.00 | NOTE | |||
r-release-windows-x86_64 | 0.3.14 | 108.00 | 209.00 | 317.00 | NOTE | |
r-oldrel-macos-arm64 | 0.3.14 | 13.00 | ERROR | |||
r-oldrel-windows-x86_64 | 0.3.14 | 149.00 | 156.00 | 305.00 | NOTE |
Version: 0.3.14
Check: C++ specification
Result: NOTE
Specified C++11: please drop specification unless essential
Flavors: r-devel-linux-x86_64-debian-clang, r-devel-linux-x86_64-debian-gcc, r-devel-linux-x86_64-fedora-clang, r-devel-linux-x86_64-fedora-gcc, r-prerel-windows-x86_64, r-patched-linux-x86_64, r-release-linux-x86_64, r-release-macos-x86_64, r-release-windows-x86_64
Version: 0.3.14
Check: installed package size
Result: NOTE
installed size is 8.5Mb
sub-directories of 1Mb or more:
blp 7.1Mb
Flavors: r-devel-linux-x86_64-fedora-clang, r-prerel-windows-x86_64, r-release-macos-x86_64, r-release-windows-x86_64, r-oldrel-windows-x86_64
Version: 0.3.14
Check: whether package can be installed
Result: ERROR
Installation failed.
Flavors: r-prerel-macos-arm64, r-release-macos-arm64, r-oldrel-macos-arm64