Last updated on 2023-03-20 11:53:57 CET.
Flavor | Version | Tinstall | Tcheck | Ttotal | Status | Flags |
---|---|---|---|---|---|---|
r-devel-linux-x86_64-debian-clang | 1.3.82 | OK | ||||
r-devel-linux-x86_64-debian-gcc | 1.3.82 | 6.64 | 98.88 | 105.52 | OK | |
r-devel-linux-x86_64-fedora-clang | 1.3.82 | 161.28 | NOTE | |||
r-devel-linux-x86_64-fedora-gcc | 1.3.82 | 156.41 | NOTE | |||
r-devel-windows-x86_64 | 1.3.82 | 11.00 | 152.00 | 163.00 | OK | |
r-patched-linux-x86_64 | 1.3.82 | 8.95 | 112.53 | 121.48 | OK | |
r-release-linux-x86_64 | 1.3.82 | 8.14 | 115.22 | 123.36 | OK | |
r-release-macos-arm64 | 1.3.82 | 40.00 | NOTE | |||
r-release-macos-x86_64 | 1.3.82 | 79.00 | NOTE | |||
r-release-windows-x86_64 | 1.3.82 | 21.00 | 147.00 | 168.00 | OK | |
r-oldrel-macos-arm64 | 1.3.82 | 47.00 | NOTE | |||
r-oldrel-macos-x86_64 | 1.3.82 | 78.00 | NOTE | |||
r-oldrel-windows-ix86+x86_64 | 1.3.82 | 18.00 | 141.00 | 159.00 | OK |
Version: 1.3.82
Check: data for non-ASCII characters
Result: NOTE
Note: found 26334 marked UTF-8 strings
Flavors: r-devel-linux-x86_64-fedora-clang, r-devel-linux-x86_64-fedora-gcc, r-release-macos-arm64, r-release-macos-x86_64, r-oldrel-macos-arm64, r-oldrel-macos-x86_64